NOAA-Style Climate Reports


Report for 2017
                   ANNUAL CLIMATOLOGICAL SUMMARY for 2017


NAME: Santa Monica          CITY: Rivas Urbanizaciones  STATE: Madrid - Spain      
ELEV:  651.1 m    LAT: 40.4 N    LONG:  3.5 W


                 TEMPERATURE (C), RAIN (mm), WIND SPEED (kph)

                            DEP.    HEAT    COOL
          MEAN  MEAN        FROM    DEG     DEG                          MAX   MAX  MIN   MIN
 YR  MO   MAX   MIN   MEAN  NORM    DAYS    DAYS     HI DATE   LOW DATE >=32.2 <=0  <=0  <=-17.8
---------------------------------------------------------------------------------------------
2017 01    9.8   1.0   5.2  -1.2   722.2     0.0   15.8  11   -4.7  18      0    0   13    0
2017 02   12.6   4.4   8.4   1.6   494.0     0.0   19.0  22    0.0   9      0    0    1    0
2017 03   16.7   5.5  11.0   1.3   403.0     0.0   25.3  10   -1.7  25      0    0    3    0
2017 04   21.2   8.1  14.7   1.2   202.7     3.1   26.7  12    2.2  28      0    0    0    0
2017 05   25.2  12.7  19.1   2.3    75.8   109.9   32.4  25    4.9   1      1    0    0    0
2017 06   31.7  18.7  25.3   2.8     5.6   376.4   38.3  17   11.1   5     15    0    0    0
2017 07   32.4  18.9  26.0  -0.3     1.8   408.1   39.2  13   11.5   1     18    0    0    0
2017 08   32.0  19.3  25.8   0.1     0.2   410.0   37.4   5   10.6  10     19    0    0    0
2017 09   26.8  14.3  20.7  -0.7    18.4   136.5   31.6   6    8.7  17      0    0    0    0
2017 10   24.5  11.8  18.0   1.7    80.5    70.4   29.4   5    7.0  23      0    0    0    0
2017 11   14.9   4.5   9.6  -0.3   465.6     0.0   19.6   1   -1.3  30      0    0    2    0
2017 12   10.4   2.0   6.1  -0.8   676.2     0.0   15.6  29   -2.8   2      0    0   11    0
---------------------------------------------------------------------------------------------
          21.5  10.1  15.8   0.7  3145.8  1514.3   39.2 JUL   -4.7 JAN     53    0   30    0


                            PRECIPITATION (mm)

                  DEP.    MAX         ---DAYS OF RAIN---
                  FROM    OBS.                OVER
 YR  MO  TOTAL    NORM    DAY  DATE   0.254  2.54   25.4
---------------------------------------------------------
2017 01   22.2   -20.7   20.2   27       2      1      0
2017 02   44.0     4.2   11.4   13      10      6      0
2017 03   26.6   -33.0    9.2   25       8      4      0
2017 04    5.8   -37.3    3.2   29       4      1      0
2017 05   21.0   -13.4    6.4   18       6      3      0
2017 06   12.4    -5.1    5.2   25       4      2      0
2017 07   17.8    11.3    4.8   11       5      4      0
2017 08    6.6     3.9    5.2   28       2      1      0
2017 09    0.0   -12.1    0.0    0       0      0      0
2017 10   29.0   -24.9   27.0   18       2      1      1
2017 11    6.8   -35.7    5.8   28       3      1      0
2017 12   20.6    -5.5   17.0   11       5      1      0
---------------------------------------------------------
         212.8  -168.3    27.0 OCT      51     25      1


                              WIND SPEED (kph)

                              DOM
 YR  MO    AVG     HI   DATE  DIR
----------------------------------
2017 01    4.4   56.3    17    NE
2017 02    7.2   70.8     5    NE
2017 03    5.7   67.6    12    SW
2017 04    4.8   54.7    30   ENE
2017 05    4.4   66.0    12   ENE
2017 06    4.9   62.8    25   WSW
2017 07    4.6   54.7     7    SW
2017 08    3.9   57.9    28   ENE
2017 09    3.7   48.3     9    NE
2017 10    3.2   38.6    27    NE
2017 11    2.9   49.9    13    NE
2017 12    5.0   54.7    27    NE
----------------------------------
           4.6   70.8   FEB    NE