NOAA-Style Climate Reports


Report for 2017 Enero
                   MONTHLY CLIMATOLOGICAL SUMMARY for JAN 2017


NAME: Santa Monica          CITY: Rivas Urbanizaciones  STATE: Madrid - Spain      
ELEV:  651.1 m    LAT: 40.4 N    LONG:  3.5 W


                   TEMPERATURE (C), RAIN (mm), WIND SPEED (kph)

                                         HEAT   COOL         AVG
      MEAN                               DEG    DEG          WIND                  DOM
DAY   TEMP   HIGH  TIME    LOW   TIME    DAYS   DAYS   RAIN  SPEED   HIGH  TIME    DIR
---------------------------------------------------------------------------------------
01     0.3    2.8  14:07   -1.3  03:59   31.7    0.0     0.0  1.1    24.1  01:50   NE
02     2.3    5.7  14:34   -0.8  01:03   28.5    0.0     0.0  3.2    19.3  08:40   NE
03     5.4   10.0  15:25    1.2  07:35   22.9    0.0     0.0  0.5    14.5  02:10   E
04     5.4    9.0  15:45    1.2  08:18   23.8    0.0     0.2  1.5    20.9  12:30   SSE
05     5.9   10.8  16:05    2.5  08:52   21.0    0.0     0.2  0.5    12.9  18:40   NE
06     4.8   11.1  14:55   -1.1  07:20   24.0    0.0     0.0  2.1    19.3  08:20   NE
07     4.3   11.1  15:14   -0.9  08:04   23.9    0.0     0.0  0.6    14.5  23:00   NE
08     4.5   12.1  15:59   -2.2  07:51   24.0    0.0     0.0  1.5    19.3  01:20   NE
09     5.7   11.6  15:45    0.6  03:04   22.0    0.0     0.0  1.8    17.7  08:58   N
10     6.4   11.4  14:14    1.8  06:10   21.1    0.0     0.2  2.4    22.5  19:20   S
11    11.0   15.8  14:44    6.1  08:29   13.3    0.0     0.0  6.0    37.0  11:50   NNE
12     8.2   12.8  15:22    3.1  07:19   18.7    0.0     0.0  4.4    35.4  22:30   SE
13     7.3    9.7  13:09    3.3  23:58   21.3    0.0     0.0  7.0    35.4  04:50   N
14     3.7    7.4  12:52   -1.2  08:10   27.4    0.0     0.0  6.4    40.2  15:00   NNE
15     5.1    9.4  13:13    0.4  02:40   24.2    0.0     0.0  5.5    46.7  14:00   NNW
16     6.8   11.1  13:43    1.2  04:16   21.9    0.0     0.0  7.4    54.7  14:10   NNW
17     6.0    9.2  11:50   -1.2  23:49   25.8    0.0     0.2 14.2    56.3  11:10   NNE
18    -0.3    5.0  15:03   -4.7  07:57   32.7    0.0     0.0  7.8    37.0  00:10   NE
19     0.9    6.6  14:48   -4.2  03:45   30.8    0.0     0.0 14.4    46.7  23:04   NE
20     4.5    8.8  14:08    3.0  00:00   22.4    0.0     0.0 11.1    46.7  00:00   NE
21     6.2   10.4  14:50    3.8  00:00   20.2    0.0     0.0  7.6    33.8  11:40   NE
22     3.8    9.9  13:59   -1.1  07:13   25.0    0.0     0.0  1.9    20.9  20:10   NE
23     5.8   11.5  15:01    1.6  03:03   21.2    0.0     0.0  4.3    24.1  12:20   NNE
24     4.9   12.3  16:33   -1.5  07:05   23.3    0.0     0.0  0.9    16.1  17:30   ENE
25     3.7   10.3  15:58   -2.2  07:52   25.7    0.0     0.0  2.1    19.3  16:20   SSW
26     3.4    8.2  15:03   -1.4  07:19   26.9    0.0     0.0  1.0    27.4  23:20   SSE
27     4.7    7.0  16:13    3.2  22:58   23.8    0.0    20.2  4.5    30.6  12:40   WSW
28     6.1    9.9  15:33    2.8  07:36   21.6    0.0     0.0  6.7    35.4  12:00   WNW
29     6.2    8.4  16:52    4.3  01:10   21.5    0.0     0.8  3.4    22.5  16:11   SW
30     9.1   10.7  14:34    8.1  00:00   16.1    0.0     0.2  2.7    24.1  02:20   SW
31     9.5   14.0  15:36    5.9  08:31   15.0    0.0     0.2  1.7    16.1  10:20   NE
---------------------------------------------------------------------------------------
       5.2   15.8    11    -4.7    18   722.2    0.0    22.2  4.4    56.3    17    NE

Max >=   32.2:  0
Max <=    0.0:  0
Min <=    0.0:  13
Min <=  -17.8:  0
Max Rain    :   20.2 mm ON 01/27/2017
Days of Rain: 2 (> 0.254 mm) 1 (> 2.54 mm) 0 (> 25.4 mm)