NOAA-Style Climate Reports


Report for 2017 Febrero
                   MONTHLY CLIMATOLOGICAL SUMMARY for FEB 2017


NAME: Santa Monica          CITY: Rivas Urbanizaciones  STATE: Madrid - Spain      
ELEV:  651.1 m    LAT: 40.4 N    LONG:  3.5 W


                   TEMPERATURE (C), RAIN (mm), WIND SPEED (kph)

                                         HEAT   COOL         AVG
      MEAN                               DEG    DEG          WIND                  DOM
DAY   TEMP   HIGH  TIME    LOW   TIME    DAYS   DAYS   RAIN  SPEED   HIGH  TIME    DIR
---------------------------------------------------------------------------------------
01     7.8   10.9  15:17    4.2  07:14   19.4    0.0     0.6  1.7    30.6  22:10   SW
02     8.0   11.5  15:17    6.3  23:58   16.9    0.0     8.8  9.0    59.5  15:30   SW
03     9.2   12.1  16:09    6.2  00:23   16.5    0.0     0.2 18.5    54.7  22:20   SW
04    10.6   13.4  14:11    8.6  04:59   13.2    0.0     1.2 22.4    57.9  23:20   WSW
05     7.9   10.8  02:24    3.7  07:04   20.0    0.0     5.8 23.0    70.8  06:40   WNW
06     9.8   15.3  14:36    5.7  04:48   14.1    0.0     0.0 13.8    56.3  12:30   W
07     8.6   12.5  17:14    5.7  05:09   16.7    0.0     0.6  9.2    62.8  20:10   WSW
08     5.6    8.3  15:12    2.6  07:05   23.2    0.0     0.0  7.1    49.9  11:20   NNE
09     4.7    9.9  14:43    0.0  06:13   24.0    0.0     0.0  1.2    20.9  22:20   E
10     3.3    5.6  15:06    0.7  04:51   27.3    0.0     3.2  1.9    20.9  00:20   NE
11     5.3    7.7  23:19    3.4  07:43   23.0    0.0     4.0  5.3    27.4  11:00   NE
12     9.0   12.2  17:23    6.5  06:30   16.2    0.0     7.0  7.0    64.4  22:00   SE
13     8.8   11.4  16:15    5.3  23:03   18.0    0.0    11.4 11.1    43.5  00:30   SW
14     7.6   11.4  14:55    3.0  07:29   20.0    0.0     0.0  1.1    16.1  14:00   SSE
15     8.6   14.5  14:15    3.1  07:03   17.2    0.0     0.2  3.5    25.7  07:10   ENE
16     7.9   11.8  15:50    4.4  07:23   18.4    0.0     0.0  3.7    16.1  00:00   ENE
17     8.2   14.6  16:05    2.4  07:20   17.7    0.0     0.0  1.9    25.7  03:30   NE
18     7.8   13.3  15:41    2.3  06:13   19.0    0.0     0.0  0.8    16.1  06:59   SW
19     9.0   13.8  16:23    5.7  07:58   15.4    0.0     0.0  5.0    29.0  07:20   NE
20     8.2   13.8  16:38    2.7  06:52   18.2    0.0     0.0  6.1    27.4  07:00   NE
21     9.3   16.6  16:24    2.4  06:46   16.0    0.0     0.0  4.9    27.4  08:00   NE
22    11.5   19.0  15:51    4.3  06:19   12.0    0.0     0.0  7.1    29.0  06:30   NE
23    11.5   14.1  15:35    8.8  06:59   12.5    0.0     0.8  3.2    22.5  03:30   NE
24    10.7   15.9  15:40    6.3  23:56   13.0    0.0     0.2  3.4    25.7  20:50   NE
25     9.4   16.7  16:44    2.4  07:09   15.8    0.0     0.0  2.5    24.1  16:10   SW
26     8.2   13.6  15:23    4.6  05:33   16.7    0.0     0.0  3.9    27.4  16:00   SW
27     8.7   12.1  16:19    6.1  01:24   16.6    0.0     0.0 10.2    40.2  15:30   WSW
28     8.8   11.5  14:25    6.2  05:48   17.0    0.0     0.0 13.3    45.1  13:00   WSW
---------------------------------------------------------------------------------------
       8.4   19.0    22     0.0     9   494.0    0.0    44.0  7.2    70.8     5    NE

Max >=   32.2:  0
Max <=    0.0:  0
Min <=    0.0:  1
Min <=  -17.8:  0
Max Rain    :   11.4 mm ON 02/13/2017
Days of Rain: 10 (> 0.254 mm) 6 (> 2.54 mm) 0 (> 25.4 mm)