NOAA-Style Climate Reports


Report for 2017 Marzo
                   MONTHLY CLIMATOLOGICAL SUMMARY for MAR 2017


NAME: Santa Monica          CITY: Rivas Urbanizaciones  STATE: Madrid - Spain      
ELEV:  651.1 m    LAT: 40.4 N    LONG:  3.5 W


                   TEMPERATURE (C), RAIN (mm), WIND SPEED (kph)

                                         HEAT   COOL         AVG
      MEAN                               DEG    DEG          WIND                  DOM
DAY   TEMP   HIGH  TIME    LOW   TIME    DAYS   DAYS   RAIN  SPEED   HIGH  TIME    DIR
---------------------------------------------------------------------------------------
01     9.2   15.3  15:37    4.3  06:51   15.3    0.0     0.2  3.6    29.0  15:50   SW
02     9.6   15.9  15:53    4.2  06:02   14.9    0.0     0.0  0.6    17.7  16:00   SW
03     6.9   11.0  10:46    3.2  23:42   20.2    0.0     3.8 11.0    49.9  15:40   SW
04     4.3    8.5  15:54    0.8  06:34   24.6    0.0     0.0  8.3    45.1  01:00   SW
05     7.9   11.3  16:07    3.6  01:34   19.6    0.0     0.0 11.2    37.0  16:50   WSW
06    12.7   18.2  15:43    8.6  07:04    8.8    0.0     0.2  9.8    40.2  12:30   W
07    13.8   18.7  14:47    9.1  05:48    8.1    0.0     0.0  4.6    33.8  14:40   NW
08    14.3   21.1  16:02    6.9  06:53    7.8    0.0     0.0  1.1    16.1  14:30   SW
09    16.1   24.6  15:31    7.7  05:53    3.9    0.0     0.0  1.4    22.5  06:10   ENE
10    17.1   25.3  15:54    9.0  07:24    2.1    0.0     0.0  2.6    30.6  05:40   WSW
11    15.8   22.5  14:50    8.4  05:57    5.2    0.0     0.0  4.4    33.8  16:00   W
12    11.2   17.0  13:22    6.2  23:51   12.2    0.0     0.4 10.0    67.6  22:00   NE
13     9.6   13.8  14:56    6.1  00:27   15.0    0.0     0.2 24.0    67.6  03:20   NE
14    13.2   19.5  15:35    9.1  06:23    7.2    0.0     0.0  8.5    46.7  05:30   NE
15    13.3   20.5  15:35    6.9  06:11    8.3    0.0     0.0  5.0    29.0  06:30   ENE
16    12.2   18.9  13:48    5.7  07:31   10.9    0.0     0.0  3.6    32.2  15:10   SE
17    12.3   19.7  16:11    4.5  05:17   11.2    0.0     0.0  3.5    25.7  13:30   ENE
18    13.4   20.7  15:28    4.5  05:53   10.3    0.0     0.0  1.1    19.3  05:40   N
19    14.8   22.6  16:14    6.3  06:56    7.0    0.0     0.2  1.6    20.9  23:30   WSW
20    16.0   23.3  15:32    9.5  06:23    3.5    0.0     0.0  3.8    27.4  17:30   WSW
21    11.7   14.9  17:01    7.8  06:34   12.5    0.0     0.0  8.1    38.6  17:00   WSW
22     6.7   10.9  14:33    1.9  23:25   21.5    0.0     1.8 12.7    49.9  15:50   WSW
23     1.7    4.7  12:15   -1.2  06:32   29.8    0.0     1.6  3.3    27.4  13:00   SSW
24     3.0    9.2  13:44   -0.5  04:41   25.2    0.0     3.8  1.7    33.8  15:00   ENE
25     3.7    8.2  16:04   -1.7  05:04   27.2    0.0     9.2  3.3    30.6  12:40   SSW
26     9.7   14.7  16:44    4.9  03:55   15.3    0.0     3.4  3.6    41.8  22:40   S
27     9.1   12.4  16:34    6.3  06:31   16.1    0.0     1.8  7.8    38.6  06:00   SW
28    11.5   16.6  15:50    7.2  04:46   11.7    0.0     0.0  1.4    24.1  14:30   SSW
29    12.7   19.1  16:28    4.7  06:11   11.6    0.0     0.0  0.9    19.3  12:20   WSW
30    14.5   20.8  14:22    6.6  06:31    8.4    0.0     0.0  2.3    24.1  14:50   SW
31    14.2   18.1  15:52   10.3  06:51    7.5    0.0     0.0 12.2    54.7  15:20   WSW
---------------------------------------------------------------------------------------
      11.0   25.3    10    -1.7    25   403.0    0.0    26.6  5.7    67.6    12    SW

Max >=   32.2:  0
Max <=    0.0:  0
Min <=    0.0:  3
Min <=  -17.8:  0
Max Rain    :    9.2 mm ON 03/25/2017
Days of Rain: 8 (> 0.254 mm) 4 (> 2.54 mm) 0 (> 25.4 mm)