NOAA-Style Climate Reports


Report for 2017 Abril
                   MONTHLY CLIMATOLOGICAL SUMMARY for APR 2017


NAME: Santa Monica          CITY: Rivas Urbanizaciones  STATE: Madrid - Spain      
ELEV:  651.1 m    LAT: 40.4 N    LONG:  3.5 W


                   TEMPERATURE (C), RAIN (mm), WIND SPEED (kph)

                                         HEAT   COOL         AVG
      MEAN                               DEG    DEG          WIND                  DOM
DAY   TEMP   HIGH  TIME    LOW   TIME    DAYS   DAYS   RAIN  SPEED   HIGH  TIME    DIR
---------------------------------------------------------------------------------------
01    11.9   16.1  16:31    7.2  05:50   12.0    0.0     0.0 10.1    41.8  02:50   NW
02    11.6   17.0  15:33    6.4  05:34   12.0    0.0     0.0  3.2    32.2  22:00   NE
03    11.4   18.6  16:58    3.5  06:03   13.2    0.0     0.0  3.7    27.4  00:00   NE
04    13.6   20.8  16:49    6.0  06:46    8.9    0.0     0.0  5.2    32.2  09:20   NE
05    11.7   17.5  16:21    6.3  05:52   11.6    0.0     0.0  9.1    49.9  10:20   NE
06    13.4   21.2  17:25    5.9  05:55    8.6    0.0     0.0  4.5    33.8  02:40   NE
07    15.0   22.4  16:19    7.1  06:18    6.4    0.0     0.0  3.6    29.0  01:20   S
08    15.6   22.6  16:24    8.1  05:53    5.4    0.0     0.0  1.1    17.7  00:50   S
09    16.0   23.1  14:26    8.3  06:24    4.8    0.0     0.0  1.5    20.9  11:20   E
10    16.9   24.2  17:21    8.5  05:48    3.6    0.0     0.0  1.1    17.7  12:20   NE
11    18.4   25.7  15:58   10.8  05:48    0.2    0.0     0.0  2.8    33.8  15:50   NE
12    19.0   26.7  15:57    9.3  05:34    0.7    0.0     0.0  2.6    25.7  14:00   WSW
13    19.6   25.8  14:46   11.2  05:10    0.0    0.3     0.0  4.1    35.4  12:10   NW
14    18.3   23.7  14:51   12.3  06:13    0.6    0.0     0.0  4.0    35.4  16:30   WSW
15    18.2   24.9  17:18   11.6  05:54    0.2    0.0     0.0  3.0    27.4  15:00   WNW
16    17.1   24.6  16:41    8.6  06:08    3.1    0.0     0.0  3.6    29.0  05:55   NNE
17    19.3   26.1  15:45   11.7  03:49    0.0    1.0     0.0  3.3    25.7  16:40   NE
18    19.1   26.6  16:26   11.9  05:50    0.0    1.6     0.0  5.8    33.8  22:00   NE
19    15.0   21.3  13:33   10.8  05:59    4.1    0.0     0.0  7.1    40.2  01:50   E
20    12.5   18.2  14:43    8.3  23:51    9.2    0.0     1.4  3.5    30.6  05:40   ESE
21    12.2   21.2  15:08    3.7  05:32   10.6    0.0     0.0  4.1    30.6  22:40   E
22    13.3   20.2  16:28    5.3  06:05   10.0    0.0     0.0  1.0    20.9  01:10   ENE
23    17.4   25.3  15:24    8.5  06:02    2.6    0.0     0.0  1.2    19.3  15:30   NNE
24    18.0   25.3  14:35   11.6  05:44    0.0    0.2     0.0  1.9    38.6  16:00   E
25    17.5   22.4  14:39   13.3  07:11    0.8    0.0     0.2  8.7    49.9  16:30   WSW
26    13.2   17.9  14:18    6.1  23:56   11.3    0.0     0.2  7.7    48.3  19:10   W
27     8.2   13.8  15:25    2.6  05:41   18.2    0.0     0.4 14.4    51.5  06:20   NE
28     8.7   16.6  14:59    2.2  05:23   16.1    0.0     0.0  8.7    37.0  01:30   ENE
29     9.6   12.1  16:21    7.2  04:58   15.6    0.0     3.2  0.5    17.7  07:20   SE
30    10.1   14.0  16:06    8.0  23:59   13.2    0.0     0.4 13.4    54.7  16:10   WSW
---------------------------------------------------------------------------------------
      14.7   26.7    12     2.2    28   202.7    3.1     5.8  4.8    54.7    30    ENE

Max >=   32.2:  0
Max <=    0.0:  0
Min <=    0.0:  0
Min <=  -17.8:  0
Max Rain    :    3.2 mm ON 04/29/2017
Days of Rain: 4 (> 0.254 mm) 1 (> 2.54 mm) 0 (> 25.4 mm)