NOAA-Style Climate Reports


Report for 2017 Mayo
                   MONTHLY CLIMATOLOGICAL SUMMARY for MAY 2017


NAME: Santa Monica          CITY: Rivas Urbanizaciones  STATE: Madrid - Spain      
ELEV:  651.1 m    LAT: 40.4 N    LONG:  3.5 W


                   TEMPERATURE (C), RAIN (mm), WIND SPEED (kph)

                                         HEAT   COOL         AVG
      MEAN                               DEG    DEG          WIND                  DOM
DAY   TEMP   HIGH  TIME    LOW   TIME    DAYS   DAYS   RAIN  SPEED   HIGH  TIME    DIR
---------------------------------------------------------------------------------------
01    11.2   17.7  16:38    4.9  05:23   12.7    0.0     0.0  2.7    35.4  00:10   SSW
02    15.8   22.5  15:25    7.9  05:47    5.6    0.0     0.2  1.5    22.5  14:20   NE
03    18.5   25.3  16:04   10.3  05:32    0.9    0.0     0.0  2.7    20.9  00:50   SSW
04    19.8   26.0  15:57   11.9  05:50    0.0    1.1     0.0  1.1    24.1  23:00   E
05    16.7   22.2  12:54   10.1  23:58    4.0    0.0     0.4 11.2    61.2  19:10   WSW
06    14.1   19.6  16:46    8.2  06:01    7.9    0.0     0.0  3.8    30.6  15:30   WSW
07    18.1   25.2  16:58    9.6  05:15    1.7    0.0     0.0  3.6    24.1  05:30   NE
08    20.8   27.3  16:40   12.9  04:54    0.0    3.2     0.0  4.0    29.0  00:10   NNE
09    20.8   27.1  14:48   13.8  05:26    0.0    3.9     0.0  9.9    51.5  17:10   WSW
10    16.5   21.6  13:22   12.1  21:59    2.8    0.0     5.4 11.4    40.2  14:00   SW
11    12.6   17.2  15:51    9.9  06:51    8.7    0.0     5.0 13.5    61.2  17:01   SW
12    12.7   17.5  14:01    9.5  01:11    8.7    0.0     2.0  9.2    66.0  15:30   SW
13    14.5   19.1  15:18   10.5  05:31    6.4    0.0     0.2  7.5    41.8  12:30   WSW
14    16.6   22.1  15:12    9.8  05:43    4.4    0.0     0.0  2.1    27.4  13:00   SW
15    19.8   25.8  15:26   11.4  05:17    0.0    0.5     0.0  2.0    19.3  14:40   NE
16    23.0   29.1  16:38   16.2  05:28    0.0    7.8     0.0  1.8    22.5  22:40   ENE
17    21.2   27.2  16:16   16.5  06:12    0.0    6.3     0.0  3.3    30.6  16:50   E
18    16.1   19.2  14:03   11.7  23:33    5.2    0.0     6.4  6.6    46.7  12:52   N
19    15.2   22.3  16:22    7.6  05:02    6.1    0.0     0.0  4.6    29.0  13:40   NNE
20    18.5   26.4  17:01    9.3  05:16    0.8    0.0     0.0  1.9    16.1  05:20   NE
21    20.2   25.7  14:44   13.8  05:12    0.0    2.6     0.0  2.5    22.5  01:10   ENE
22    21.9   28.7  16:37   13.9  04:51    0.0    5.3     0.0  1.9    25.7  23:40   NE
23    24.0   31.8  16:24   16.5  05:08    0.0   10.5     0.0  4.4    33.8  01:40   ENE
24    24.5   31.3  16:18   16.6  05:45    0.0   10.1     0.0  1.5    22.5  23:10   E
25    25.1   32.4  16:19   17.6  05:25    0.0   11.9     0.0  2.0    33.8  20:30   ENE
26    25.0   31.8  15:12   18.3  06:16    0.0   12.2     1.4  2.3    30.6  13:40   E
27    24.8   31.9  14:58   18.1  05:14    0.0   12.0     0.0  3.9    38.6  20:20   SSE
28    22.5   28.5  17:32   17.6  05:08    0.0    8.5     0.0  3.6    32.2  18:40   S
29    21.0   25.0  17:01   18.1  07:46    0.0    5.8     0.0  4.6    30.6  16:30   SW
30    20.6   25.3  12:44   15.3  05:21    0.0    3.5     0.0  3.6    24.1  12:20   NE
31    21.5   27.3  18:04   14.6  04:33    0.0    4.7     0.0  3.0    27.4  14:40   ENE
---------------------------------------------------------------------------------------
      19.1   32.4    25     4.9     1    75.8  109.9    21.0  4.4    66.0    12    ENE

Max >=   32.2:  1
Max <=    0.0:  0
Min <=    0.0:  0
Min <=  -17.8:  0
Max Rain    :    6.4 mm ON 05/18/2017
Days of Rain: 6 (> 0.254 mm) 3 (> 2.54 mm) 0 (> 25.4 mm)