NOAA-Style Climate Reports


Report for 2017 Junio
                   MONTHLY CLIMATOLOGICAL SUMMARY for JUN 2017


NAME: Santa Monica          CITY: Rivas Urbanizaciones  STATE: Madrid - Spain      
ELEV:  651.1 m    LAT: 40.4 N    LONG:  3.5 W


                   TEMPERATURE (C), RAIN (mm), WIND SPEED (kph)

                                         HEAT   COOL         AVG
      MEAN                               DEG    DEG          WIND                  DOM
DAY   TEMP   HIGH  TIME    LOW   TIME    DAYS   DAYS   RAIN  SPEED   HIGH  TIME    DIR
---------------------------------------------------------------------------------------
01    23.8   31.2  16:24   16.6  05:18    0.0   10.0     0.0  2.2    20.9  09:30   ENE
02    24.2   31.2  13:29   18.4  05:18    0.0   11.6     0.0  4.9    40.2  14:10   E
03    21.7   27.4  16:15   15.4  05:37    0.0    5.6     3.4  4.5    30.6  19:50   NNE
04    18.8   25.3  12:35   13.8  23:53    0.0    2.2     0.2  7.2    45.1  12:50   NE
05    18.6   25.6  16:57   11.1  04:38    0.0    0.1     0.0  4.4    33.8  23:20   W
06    21.9   27.8  17:05   16.4  04:06    0.0    6.8     0.0  3.2    25.7  00:50   NNW
07    23.5   31.5  16:48   14.6  05:23    0.0    8.4     0.0  3.4    27.4  01:00   NE
08    25.5   31.6  15:57   18.3  04:36    0.0   11.9     0.0  2.6    27.4  15:50   SE
09    25.7   31.6  15:34   19.0  04:54    0.0   12.5     0.0  3.1    30.6  12:00   SW
10    27.2   33.8  15:41   19.1  04:57    0.0   14.6     0.0  1.5    24.1  13:50   SE
11    29.2   36.2  15:57   20.7  05:42    0.0   18.2     0.0  2.3    22.5  11:50   SSE
12    29.4   35.8  16:51   22.2  05:01    0.0   19.2     0.0  2.8    33.8  23:11   SE
13    28.6   35.3  16:41   21.3  04:57    0.0   17.9     0.0  2.1    25.7  01:30   S
14    29.7   36.3  16:16   22.0  05:18    0.0   19.4     0.0  3.2    32.2  14:20   WSW
15    29.9   37.9  15:32   22.9  21:07    0.0   21.8     1.2  4.6    49.9  19:20   W
16    29.4   36.8  15:32   21.8  03:56    0.0   19.8     0.0  2.9    24.1  17:40   NE
17    31.1   38.3  16:55   23.6  06:21    0.0   22.8     0.0  3.5    43.5  14:30   NNE
18    30.4   37.6  17:35   22.8  05:27    0.0   21.3     0.0  4.6    48.3  22:10   S
19    27.1   33.3  17:18   22.3  23:50    0.0   17.1     0.0  2.9    43.5  21:20   S
20    25.5   31.6  15:28   20.3  04:42    0.0   13.7     0.0  3.1    41.8  17:00   NE
21    28.3   35.0  16:36   20.1  05:43    0.0   16.6     0.0  1.7    19.3  06:20   NE
22    29.6   35.5  16:08   22.7  05:03    0.0   19.4     0.0  3.9    35.4  20:30   W
23    28.7   34.6  15:45   21.7  05:02    0.0   17.6     0.0  6.3    35.4  18:00   WSW
24    28.2   34.2  15:51   21.6  05:38    0.0   17.2     0.0  9.0    45.1  18:20   WSW
25    24.4   33.2  13:17   17.3  22:54    0.0   12.4     5.2  4.2    62.8  17:50   ENE
26    23.1   29.2  16:48   17.0  05:15    0.0    8.6     2.4  4.9    38.6  12:00   WSW
27    22.2   26.8  14:53   17.4  05:36    0.0    6.8     0.0 10.5    48.3  13:20   WSW
28    19.8   24.3  14:50   15.6  06:05    0.0    2.9     0.0 17.9    61.2  15:20   W
29    16.8   21.4  17:21   12.9  05:18    2.1    0.0     0.0 15.4    53.1  19:20   NW
30    16.6   21.3  17:05   11.4  04:20    3.5    0.0     0.0  4.0    29.0  01:00   NNW
---------------------------------------------------------------------------------------
      25.3   38.3    17    11.1     5     5.6  376.4    12.4  4.9    62.8    25    WSW

Max >=   32.2:  15
Max <=    0.0:  0
Min <=    0.0:  0
Min <=  -17.8:  0
Max Rain    :    5.2 mm ON 06/25/2017
Days of Rain: 4 (> 0.254 mm) 2 (> 2.54 mm) 0 (> 25.4 mm)