NOAA-Style Climate Reports


Report for 2017 Julio
                   MONTHLY CLIMATOLOGICAL SUMMARY for JUL 2017


NAME: Santa Monica          CITY: Rivas Urbanizaciones  STATE: Madrid - Spain      
ELEV:  651.1 m    LAT: 40.4 N    LONG:  3.5 W


                   TEMPERATURE (C), RAIN (mm), WIND SPEED (kph)

                                         HEAT   COOL         AVG
      MEAN                               DEG    DEG          WIND                  DOM
DAY   TEMP   HIGH  TIME    LOW   TIME    DAYS   DAYS   RAIN  SPEED   HIGH  TIME    DIR
---------------------------------------------------------------------------------------
01    17.5   23.2  16:31   11.5  05:07    1.8    0.0     0.0  6.6    33.8  10:50   NE
02    21.4   30.1  16:30   11.7  04:49    0.0    4.6     0.0  4.7    38.6  14:10   NE
03    25.6   33.1  17:48   17.9  05:30    0.0   12.9     0.0  2.5    20.9  20:50   NE
04    27.2   33.8  17:08   18.9  05:22    0.0   14.5     0.0  4.3    37.0  23:30   SSE
05    27.2   33.8  17:24   19.4  05:03    0.0   14.9     0.0  5.1    43.5  21:20   S
06    19.1   23.7  00:00   15.6  17:39    0.0    2.3     4.0  6.6    49.9  17:50   NE
07    17.7   24.4  11:54   15.2  22:48    0.0    2.7     2.0  3.9    54.7  13:40   NNE
08    19.1   24.2  17:55   15.4  01:23    0.0    2.7     4.0  2.4    30.6  12:20   NE
09    23.8   30.5  17:10   16.1  04:10    0.0    8.9     3.0  3.4    25.7  15:40   SW
10    25.3   31.4  16:20   18.3  05:19    0.0   11.8     0.0  5.5    35.4  15:00   WSW
11    26.1   33.3  16:43   17.3  05:15    0.0   12.6     4.8  5.0    32.2  14:10   WSW
12    29.2   36.3  16:35   19.9  05:30    0.0   17.7     0.0  3.6    30.6  12:10   W
13    31.1   39.2  16:20   21.9  05:36    0.0   21.9     0.0  5.6    40.2  14:30   NE
14    30.8   38.7  15:38   22.8  05:42    0.0   22.3     0.0  9.6    49.9  16:20   NE
15    28.8   36.3  17:49   21.0  04:55    0.0   18.6     0.0  4.0    30.6  00:20   ENE
16    29.4   35.9  16:34   22.3  05:25    0.0   19.4     0.0  1.9    22.5  23:00   SSE
17    28.5   34.7  16:18   22.0  05:55    0.0   18.0     0.0  2.7    32.2  15:20   SE
18    28.8   36.0  16:36   22.3  05:25    0.0   19.4     0.0  5.4    37.0  16:38   SSW
19    26.8   30.9  15:26   22.7  06:26    0.0   15.2     0.0  9.2    45.1  16:30   WSW
20    25.6   30.8  17:02   19.2  05:41    0.0   12.0     0.0  2.0    32.2  14:51   WSW
21    25.0   29.9  15:59   18.9  05:27    0.0   11.0     0.0  6.9    41.8  13:00   SW
22    25.6   31.5  15:59   18.1  06:15    0.0   11.6     0.0  3.2    30.6  11:20   WSW
23    26.5   32.5  15:54   19.1  05:28    0.0   13.4     0.0  5.4    46.7  13:50   NNE
24    25.3   31.3  17:06   19.2  06:11    0.0   12.5     0.0  4.6    30.6  22:20   NE
25    22.8   30.1  17:32   15.7  05:20    0.0    8.2     0.0  5.6    41.8  20:10   NE
26    24.8   32.2  17:09   16.7  05:42    0.0   11.1     0.0  2.2    17.7  13:40   NE
27    29.0   35.7  16:33   20.2  05:37    0.0   17.3     0.0  4.1    30.6  13:50   WSW
28    29.9   36.1  16:58   22.2  06:12    0.0   19.4     0.0  4.3    32.2  14:30   WSW
29    29.3   35.7  16:26   20.6  05:45    0.0   17.6     0.0  3.6    32.2  13:10   WSW
30    29.6   35.3  16:20   21.3  05:42    0.0   17.9     0.0  5.1    38.6  12:40   WSW
31    27.5   32.7  15:40   21.3  05:47    0.0   15.6     0.0  5.1    38.6  12:50   WSW
---------------------------------------------------------------------------------------
      26.0   39.2    13    11.5     1     1.8  408.1    17.8  4.6    54.7     7    SW

Max >=   32.2:  18
Max <=    0.0:  0
Min <=    0.0:  0
Min <=  -17.8:  0
Max Rain    :    4.8 mm ON 07/11/2017
Days of Rain: 5 (> 0.254 mm) 4 (> 2.54 mm) 0 (> 25.4 mm)