NOAA-Style Climate Reports


Report for 2017 Agosto
                   MONTHLY CLIMATOLOGICAL SUMMARY for AUG 2017


NAME: Santa Monica          CITY: Rivas Urbanizaciones  STATE: Madrid - Spain      
ELEV:  651.1 m    LAT: 40.4 N    LONG:  3.5 W


                   TEMPERATURE (C), RAIN (mm), WIND SPEED (kph)

                                         HEAT   COOL         AVG
      MEAN                               DEG    DEG          WIND                  DOM
DAY   TEMP   HIGH  TIME    LOW   TIME    DAYS   DAYS   RAIN  SPEED   HIGH  TIME    DIR
---------------------------------------------------------------------------------------
01    26.3   31.6  16:10   20.2  05:25    0.0   13.6     0.0  2.6    32.2  12:30   W
02    27.3   33.1  15:14   20.3  04:57    0.0   15.0     0.0  1.8    25.7  13:00   SW
03    28.6   35.3  17:28   21.0  05:54    0.0   17.7     0.0  2.5    24.1  14:50   WSW
04    30.5   37.2  16:36   23.5  05:44    0.0   21.7     0.0  2.2    19.3  09:20   NE
05    31.3   37.4  15:50   24.8  05:41    0.0   22.9     0.0  6.1    38.6  14:10   NE
06    28.2   35.3  15:46   20.1  05:32    0.0   16.9     0.0  6.2    35.4  00:00   NE
07    28.1   34.6  15:23   21.4  05:27    0.0   17.3     0.0 11.0    51.5  15:10   SW
08    23.7   28.6  16:13   18.3  05:43    0.0    9.2     0.0  3.9    30.6  00:43   NNW
09    20.4   28.3  15:06   14.6  23:58    0.0    5.7     0.0  9.1    48.3  19:50   NE
10    18.5   25.9  16:38   10.6  05:22    0.2    0.0     0.0  6.4    40.2  00:50   NE
11    20.5   28.7  17:28   12.2  06:06    0.0    3.8     0.0  3.3    29.0  00:30   NE
12    23.7   31.4  16:58   15.3  06:06    0.0    9.1     0.0  3.7    29.0  00:00   NE
13    26.2   33.0  15:12   18.2  05:49    0.0   13.1     0.0  1.8    27.4  16:30   SE
14    27.3   34.4  15:53   19.8  05:43    0.0   15.8     0.0  2.2    25.7  01:10   SE
15    27.5   33.3  16:50   20.9  05:53    0.0   15.8     0.0  4.1    37.0  17:30   W
16    27.5   34.1  16:21   19.7  06:00    0.0   15.4     0.0  2.0    24.1  23:10   S
17    28.4   35.0  16:28   20.8  05:37    0.0   17.2     0.0  2.9    22.5  00:50   SW
18    28.9   35.9  16:51   22.7  05:56    0.0   19.8     0.0  4.1    35.4  23:40   ENE
19    27.2   34.5  16:53   19.8  06:05    0.0   15.9     0.0  6.4    38.6  00:30   NNE
20    27.5   35.1  17:09   20.1  05:54    0.0   16.6     0.0  4.1    25.7  23:30   NE
21    28.2   35.6  15:59   20.7  05:33    0.0   17.6     0.0  3.0    25.7  23:50   NE
22    28.9   35.2  15:45   22.2  05:42    0.0   18.7     0.0  2.1    24.1  00:10   WSW
23    29.2   34.8  15:06   22.6  05:59    0.0   18.6     0.0  3.5    30.6  13:50   SW
24    27.9   34.3  15:01   21.4  05:30    0.0   17.2     0.0  4.4    43.5  15:38   SW
25    27.5   33.7  17:01   21.5  05:46    0.0   16.7     0.0  3.8    33.8  15:50   SW
26    26.6   30.5  14:23   21.2  05:41    0.0   13.6     0.0  3.4    38.6  23:20   SE
27    23.9   26.6  14:54   21.4  06:10    0.0   10.2     0.0  3.5    51.5  10:30   ESE
28    19.5   22.4  08:54   16.1  23:57    0.0    1.7     5.2  2.0    57.9  09:10   NE
29    19.2   24.3  13:37   14.7  05:40    0.0    2.1     1.4  1.9    22.5  15:25   ENE
30    20.5   25.3  16:17   16.2  05:54    0.0    4.3     0.0  2.8    33.8  16:50   WSW
31    21.9   27.6  16:55   17.1  05:38    0.0    7.2     0.0  4.0    25.7  23:30   NE
---------------------------------------------------------------------------------------
      25.8   37.4     5    10.6    10     0.2  410.0     6.6  3.9    57.9    28    ENE

Max >=   32.2:  19
Max <=    0.0:  0
Min <=    0.0:  0
Min <=  -17.8:  0
Max Rain    :    5.2 mm ON 08/28/2017
Days of Rain: 2 (> 0.254 mm) 1 (> 2.54 mm) 0 (> 25.4 mm)