NOAA-Style Climate Reports


Report for 2017 Septiembre
                   MONTHLY CLIMATOLOGICAL SUMMARY for SEP 2017


NAME: Santa Monica          CITY: Rivas Urbanizaciones  STATE: Madrid - Spain      
ELEV:  651.1 m    LAT: 40.4 N    LONG:  3.5 W


                   TEMPERATURE (C), RAIN (mm), WIND SPEED (kph)

                                         HEAT   COOL         AVG
      MEAN                               DEG    DEG          WIND                  DOM
DAY   TEMP   HIGH  TIME    LOW   TIME    DAYS   DAYS   RAIN  SPEED   HIGH  TIME    DIR
---------------------------------------------------------------------------------------
01    20.8   27.2  16:37   16.1  06:10    0.0    5.9     0.0  7.8    37.0  19:50   NE
02    19.8   26.9  16:48   12.1  05:41    0.0    2.1     0.0  2.4    29.0  00:00   NE
03    23.3   30.5  16:31   15.3  05:06    0.0    8.2     0.0  3.1    27.4  17:50   W
04    23.6   28.8  17:01   18.8  06:16    0.0    9.8     0.0  2.6    24.1  13:20   NE
05    24.7   30.9  16:48   17.9  06:14    0.0   10.9     0.0  1.6    32.2  23:50   ENE
06    25.3   31.6  14:36   19.5  05:48    0.0   13.0     0.0  5.1    27.4  19:30   NNE
07    23.0   29.9  16:35   16.8  06:15    0.0    9.0     0.0  6.3    32.2  05:40   NE
08    22.9   30.2  16:33   15.2  05:41    0.0    7.9     0.0  4.0    30.6  14:17   W
09    19.7   22.6  15:54   14.9  23:59    0.0    0.7     0.0  8.3    48.3  16:00   NNW
10    17.5   23.7  16:57   12.0  05:55    0.9    0.0     0.0  1.5    20.9  12:15   NNW
11    22.4   29.2  16:13   14.8  05:34    0.0    6.6     0.0  7.5    46.7  12:40   WNW
12    21.2   26.1  16:50   16.5  06:22    0.0    5.3     0.0  2.1    25.7  00:50   NNE
13    23.0   29.7  16:21   14.8  05:37    0.0    7.0     0.0  2.2    22.5  15:00   WSW
14    22.4   28.4  14:14   15.4  23:59    0.0    6.4     0.0  5.0    35.4  22:40   W
15    16.1   20.9  14:27   12.6  06:47    2.8    0.0     0.0 10.0    48.3  07:00   NE
16    14.3   19.7  15:49    9.2  06:28    7.0    0.0     0.0  3.8    30.6  15:20   NNE
17    16.5   23.3  16:01    8.7  06:06    4.2    0.0     0.0  2.5    29.0  14:50   WSW
18    17.6   22.1  16:34   10.7  05:50    3.5    0.0     0.0  4.7    40.2  12:40   NNW
19    18.7   25.7  15:38   11.3  06:12    0.0    0.3     0.0  2.2    27.4  05:50   E
20    19.9   26.7  15:11   11.7  06:14    0.0    1.6     0.0  3.5    30.6  04:50   NE
21    21.0   27.7  15:20   13.6  04:14    0.0    4.2     0.0  1.8    29.0  14:20   NE
22    20.8   26.5  14:21   16.4  06:30    0.0    5.6     0.0  2.7    25.7  17:10   ENE
23    20.8   26.9  16:23   13.4  06:19    0.0    3.2     0.0  1.8    22.5  15:50   NE
24    21.9   28.2  15:23   14.9  05:31    0.0    5.9     0.0  2.4    29.0  13:40   WSW
25    20.6   26.2  15:12   15.4  06:25    0.0    4.4     0.0  4.4    32.2  15:30   SW
26    18.9   24.9  16:13   12.6  06:30    0.0    0.8     0.0  3.2    29.0  04:10   NE
27    19.8   25.4  15:54   13.2  06:15    0.0    1.7     0.0  2.3    19.3  00:00   S
28    20.9   27.2  14:00   13.7  06:07    0.0    3.8     0.0  1.5    20.9  14:08   ENE
29    21.8   27.9  15:24   14.8  06:37    0.0    5.4     0.0  1.3    20.9  14:30   WSW
30    21.5   27.6  15:45   16.4  06:42    0.0    6.6     0.0  3.1    29.0  14:40   ENE
---------------------------------------------------------------------------------------
      20.7   31.6     6     8.7    17    18.4  136.5     0.0  3.7    48.3     9    NE

Max >=   32.2:  0
Max <=    0.0:  0
Min <=    0.0:  0
Min <=  -17.8:  0
Max Rain    :    0.0 mm ON --/--/----
Days of Rain: 0 (> 0.254 mm) 0 (> 2.54 mm) 0 (> 25.4 mm)