NOAA-Style Climate Reports


Report for 2017 Octubre
                   MONTHLY CLIMATOLOGICAL SUMMARY for OCT 2017


NAME: Santa Monica          CITY: Rivas Urbanizaciones  STATE: Madrid - Spain      
ELEV:  651.1 m    LAT: 40.4 N    LONG:  3.5 W


                   TEMPERATURE (C), RAIN (mm), WIND SPEED (kph)

                                         HEAT   COOL         AVG
      MEAN                               DEG    DEG          WIND                  DOM
DAY   TEMP   HIGH  TIME    LOW   TIME    DAYS   DAYS   RAIN  SPEED   HIGH  TIME    DIR
---------------------------------------------------------------------------------------
01    20.3   26.1  15:24   15.9  05:32    0.0    4.8     0.0  3.2    25.7  03:20   NE
02    21.8   28.3  16:40   14.9  06:15    0.0    5.9     0.0  2.8    33.8  11:46   NE
03    22.7   29.1  15:26   16.3  05:52    0.0    7.8     0.0  2.0    33.8  22:50   NE
04    22.5   29.2  16:09   15.9  06:25    0.0    7.7     0.0  2.5    22.5  11:00   NE
05    22.7   29.4  15:47   15.8  06:20    0.0    7.7     0.0  2.6    30.6  22:50   ENE
06    21.6   28.9  16:16   14.9  06:01    0.0    6.4     0.0  6.0    33.8  20:30   NE
07    18.6   25.8  16:04   10.5  06:35    0.3    0.0     0.0  3.0    29.0  01:10   ENE
08    19.1   26.2  16:24   11.4  06:32    0.0    0.8     0.0  2.1    24.1  23:20   NE
09    19.5   26.9  16:27   11.9  05:48    0.0    1.9     0.0  5.0    29.0  06:30   NNE
10    19.7   27.0  15:47   11.4  06:22    0.0    1.6     0.0  1.9    30.6  00:30   ENE
11    19.6   26.7  15:15   12.0  07:00    0.0    1.8     0.0  1.1    20.9  15:20   WSW
12    20.3   28.5  15:35   11.9  06:07    0.0    3.4     0.0  1.2    20.9  04:20   ENE
13    21.4   27.7  15:39   14.2  06:52    0.0    4.8     0.0  2.1    27.4  13:40   SW
14    21.0   27.3  14:52   13.1  06:45    0.0    3.3     0.0  1.2    17.7  13:50   SSW
15    21.4   28.4  15:09   15.2  07:15    0.0    6.2     0.0  1.8    29.0  23:10   E
16    19.6   26.0  15:56   13.7  07:29    0.0    2.8     0.0  1.4    16.1  10:30   SE
17    15.6   20.2  12:04   11.9  05:44    4.0    0.0     1.8  2.5    37.0  12:18   SE
18    11.7   13.8  00:17    9.4  23:59   12.2    0.0    27.0  3.6    37.0  16:38   SSW
19    11.7   16.9  15:24    7.7  04:55   10.9    0.0     0.2  2.8    29.0  14:08   WSW
20    14.2   19.2  15:29    9.9  06:19    6.8    0.0     0.0  2.8    27.4  15:51   S
21    16.5   21.2  13:31   13.4  23:58    1.8    0.0     0.0  3.1    27.4  15:10   NNE
22    13.4   18.0  15:05    8.8  06:47    8.9    0.0     0.0  4.1    25.7  10:00   NE
23    14.1   21.2  15:26    7.0  06:36    7.6    0.0     0.0  4.0    24.1  01:40   NE
24    16.9   24.1  15:22   10.3  07:15    2.0    0.0     0.0  4.3    30.6  04:56   NE
25    17.7   25.4  15:25   10.3  06:46    0.9    0.0     0.0  0.9    19.3  03:50   NE
26    18.2   26.1  15:18   11.2  07:04    0.0    0.6     0.0  2.8    32.2  23:50   NNE
27    18.9   26.9  14:41   12.8  04:34    0.0    2.8     0.0  9.5    38.6  17:40   NE
28    16.2   22.6  14:21   11.2  05:28    2.6    0.0     0.0  3.1    30.6  11:20   NE
29    14.8   22.7  14:34    8.5  07:08    4.9    0.0     0.0  4.6    30.6  23:00   NE
30    13.8   19.7  14:56    8.3  06:52    7.8    0.0     0.0  4.9    35.4  12:20   NE
31    12.6   18.7  15:07    7.3  05:37    9.6    0.0     0.0  5.1    29.0  04:40   NE
---------------------------------------------------------------------------------------
      18.0   29.4     5     7.0    23    80.5   70.4    29.0  3.2    38.6    27    NE

Max >=   32.2:  0
Max <=    0.0:  0
Min <=    0.0:  0
Min <=  -17.8:  0
Max Rain    :   27.0 mm ON 10/18/2017
Days of Rain: 2 (> 0.254 mm) 1 (> 2.54 mm) 1 (> 25.4 mm)