NOAA-Style Climate Reports


Report for 2017 Noviembre
                   MONTHLY CLIMATOLOGICAL SUMMARY for NOV 2017


NAME: Santa Monica          CITY: Rivas Urbanizaciones  STATE: Madrid - Spain      
ELEV:  651.1 m    LAT: 40.4 N    LONG:  3.5 W


                   TEMPERATURE (C), RAIN (mm), WIND SPEED (kph)

                                         HEAT   COOL         AVG
      MEAN                               DEG    DEG          WIND                  DOM
DAY   TEMP   HIGH  TIME    LOW   TIME    DAYS   DAYS   RAIN  SPEED   HIGH  TIME    DIR
---------------------------------------------------------------------------------------
01    14.0   19.6  15:16    8.7  05:20    7.6    0.0     0.0  3.0    20.9  04:40   ENE
02    14.8   18.4  14:13   11.6  05:59    6.0    0.0     0.0  1.0    25.7  13:00   S
03    14.2   17.8  14:26   11.7  05:43    6.5    0.0     0.0  1.8    29.0  13:50   S
04    12.0   14.2  14:48   10.6  05:01   10.7    0.0     0.4  1.9    20.9  14:00   SSW
05    11.6   14.0  12:45    8.4  23:45   12.8    0.0     0.0  6.2    35.4  08:50   NNE
06     9.7   13.4  14:20    6.3  23:46   15.2    0.0     0.0  9.2    45.1  09:40   NNE
07     9.0   14.7  13:56    3.1  07:12   17.0    0.0     0.0  0.7    17.7  20:50   SE
08     8.7   13.4  14:57    4.7  23:50   16.7    0.0     0.0  4.6    46.7  19:50   NE
09     6.9   11.4  14:39    2.2  06:03   20.8    0.0     0.0  8.2    41.8  19:30   NE
10     8.9   15.7  14:41    2.4  07:16   16.8    0.0     0.0  2.6    29.0  13:40   NE
11    10.9   17.0  15:16    5.6  05:39   12.7    0.0     0.0  0.9    17.7  13:30   S
12    10.5   17.4  16:14    3.7  06:03   13.9    0.0     0.0  1.1    17.7  17:50   NE
13     9.2   12.3  13:36    3.6  23:35   18.7    0.0     0.0  8.1    49.9  10:20   NNE
14     7.6   14.2  16:03    1.6  05:40   18.8    0.0     0.0  1.5    25.7  01:40   NNE
15     8.2   14.0  14:56    2.4  07:22   18.2    0.0     0.0  1.1    22.5  02:20   NE
16     9.4   17.7  15:47    2.2  06:18   15.0    0.0     0.0  0.6    17.7  06:31   NE
17    10.9   17.2  14:26    4.3  07:37   13.6    0.0     0.0  1.0    20.9  00:50   NNE
18    11.7   18.9  14:30    6.0  06:55   10.6    0.0     0.0  5.0    29.0  23:30   NE
19    10.1   17.1  15:14    3.9  07:40   14.1    0.0     0.0  1.6    24.1  00:30   NE
20     9.8   16.7  15:50    3.3  06:34   15.0    0.0     0.0  0.3    17.7  02:30   E
21     9.4   16.5  16:08    2.7  07:13   15.7    0.0     0.0  0.8    19.3  23:50   ENE
22     9.6   17.1  14:58    2.3  07:28   15.6    0.0     0.0  1.5    22.5  03:20   E
23    12.0   16.8  14:43    7.5  05:10   11.2    0.0     0.0  0.8    16.1  13:50   SE
24    12.6   16.2  13:21    8.9  01:26   10.4    0.0     0.0  2.0    32.2  13:20   SSW
25    10.9   16.3  12:43    5.7  23:57   13.2    0.0     0.0  3.7    27.4  20:14   NE
26     6.1   11.7  14:43    1.8  07:25   20.9    0.0     0.0  4.4    24.1  13:00   NE
27     4.7   10.3  15:47   -1.1  07:56   24.8    0.0     0.0  1.2    27.4  02:10   NE
28     4.5    7.2  13:12    1.1  06:08   25.5    0.0     5.8  0.2    17.7  15:00   ENE
29     5.8   10.7  14:30    2.0  23:57   21.6    0.0     0.6  6.2    37.0  16:40   NE
30     3.3    8.6  14:10   -1.3  07:28   26.4    0.0     0.0  4.6    32.2  12:50   NE
---------------------------------------------------------------------------------------
       9.6   19.6     1    -1.3    30   465.6    0.0     6.8  2.9    49.9    13    NE

Max >=   32.2:  0
Max <=    0.0:  0
Min <=    0.0:  2
Min <=  -17.8:  0
Max Rain    :    5.8 mm ON 11/28/2017
Days of Rain: 3 (> 0.254 mm) 1 (> 2.54 mm) 0 (> 25.4 mm)