NOAA-Style Climate Reports


Report for 2017 Diciembre
                   MONTHLY CLIMATOLOGICAL SUMMARY for DEC 2017


NAME: Santa Monica          CITY: Rivas Urbanizaciones  STATE: Madrid - Spain      
ELEV:  651.1 m    LAT: 40.4 N    LONG:  3.5 W


                   TEMPERATURE (C), RAIN (mm), WIND SPEED (kph)

                                         HEAT   COOL         AVG
      MEAN                               DEG    DEG          WIND                  DOM
DAY   TEMP   HIGH  TIME    LOW   TIME    DAYS   DAYS   RAIN  SPEED   HIGH  TIME    DIR
---------------------------------------------------------------------------------------
01     2.9    8.0  11:37   -0.7  03:29   26.4    0.0     0.0  8.7    48.3  15:10   N
02     2.3    6.1  14:32   -2.8  07:27   30.0    0.0     0.0  5.0    48.3  14:00   N
03     3.5    8.3  15:23    0.1  07:12   25.5    0.0     0.0  1.7    32.2  00:00   NNE
04     3.7   10.1  15:26   -2.0  06:20   25.7    0.0     0.0  2.9    27.4  23:30   NE
05     4.2   11.1  15:34   -1.4  07:47   24.3    0.0     0.0  1.8    25.7  01:30   NE
06     3.6   10.1  14:22   -1.9  06:59   25.6    0.0     0.0  0.4    25.7  07:10   NE
07     3.7    9.3  14:44   -0.8  07:43   25.3    0.0     0.0  0.3    11.3  05:00   ESE
08     5.7    9.1  17:40    1.9  05:20   23.2    0.0     0.0  0.1     6.4  00:20   SSE
09     9.1   12.6  13:43    4.2  06:18   17.8    0.0     0.0  3.9    29.0  21:31   WSW
10     9.6   10.9  15:22    8.2  04:48   15.8    0.0     0.0 15.0    51.5  18:00   SW
11     6.9   10.4  01:11    4.1  23:01   20.0    0.0    17.0 13.6    48.3  01:10   W
12     4.1    8.6  15:30    0.4  07:28   24.9    0.0     0.0  1.4    35.4  00:00   NE
13     3.7    8.2  15:17   -0.8  06:10   26.3    0.0     0.0  2.4    29.0  15:10   SW
14     7.6   10.4  20:27    4.1  00:39   19.9    0.0     0.0 10.1    43.5  21:20   WSW
15     8.3   11.6  14:00    4.2  22:53   18.8    0.0     0.0  8.2    35.4  04:30   W
16     5.0    8.7  14:28    1.7  08:36   23.7    0.0     0.0  4.4    30.6  13:30   NE
17     4.2    9.4  15:03   -0.6  05:54   25.0    0.0     0.0  2.8    24.1  13:00   NE
18     4.5   10.0  16:13   -0.4  07:33   24.4    0.0     0.0  1.3    16.1  01:56   NE
19     8.1   11.9  15:14    3.6  23:58   19.0    0.0     0.0  3.6    51.5  01:50   ENE
20     5.1   10.8  15:56   -0.1  06:43   23.3    0.0     0.0  0.4    16.1  23:40   ENE
21     7.1   11.8  16:12    1.1  07:54   21.3    0.0     0.0  1.3    19.3  00:40   SSW
22     6.4   12.1  14:57    1.0  07:53   21.2    0.0     0.0  0.6    14.5  21:40   E
23     7.4   13.3  15:11    2.7  02:28   18.7    0.0     0.0  3.6    22.5  06:40   ENE
24     6.0   11.1  16:02    2.7  07:44   20.5    0.0     0.0  1.2    17.7  07:40   ENE
25     3.4    6.0  23:29   -0.1  07:01   27.7    0.0     0.0  0.6    17.7  22:50   E
26     5.5    6.8  13:11    3.8  08:15   23.4    0.0     0.8  8.8    41.8  21:30   WSW
27     7.6    9.9  15:40    5.4  05:22   19.2    0.0     2.0 15.8    54.7  02:00   W
28     9.7   13.8  16:21    5.5  05:02   15.6    0.0     0.0 10.3    41.8  14:10   WSW
29    10.9   15.6  15:06    7.1  05:13   12.6    0.0     0.0  6.5    35.4  10:50   WSW
30    10.4   14.9  13:51    7.4  23:31   12.9    0.0     0.4  6.2    29.0  14:00   SW
31     8.2   11.0  13:30    5.8  08:03   17.8    0.0     0.4 11.8    53.1  15:30   S
---------------------------------------------------------------------------------------
       6.1   15.6    29    -2.8     2   676.2    0.0    20.6  5.0    54.7    27    NE

Max >=   32.2:  0
Max <=    0.0:  0
Min <=    0.0:  11
Min <=  -17.8:  0
Max Rain    :   17.0 mm ON 12/11/2017
Days of Rain: 5 (> 0.254 mm) 1 (> 2.54 mm) 0 (> 25.4 mm)