NOAA-Style Climate Reports


Report for 2018
                   ANNUAL CLIMATOLOGICAL SUMMARY for 2018


NAME: Santa Monica          CITY: Rivas Urbanizaciones  STATE: Madrid - Spain      
ELEV:  651.1 m    LAT: 40.4 N    LONG:  3.5 W


                 TEMPERATURE (C), RAIN (mm), WIND SPEED (kph)

                            DEP.    HEAT    COOL
          MEAN  MEAN        FROM    DEG     DEG                          MAX   MAX  MIN   MIN
 YR  MO   MAX   MIN   MEAN  NORM    DAYS    DAYS     HI DATE   LOW DATE >=32.2 <=0  <=0  <=-17.8
---------------------------------------------------------------------------------------------
2018 01   10.5   2.4   6.2  -0.3   661.3     0.0   16.1  21   -1.3   9      0    0    4    0
2018 02    9.6   0.8   5.2  -1.6   661.0     0.0   16.1  26   -3.9   8      0    0   12    0
2018 03   11.7   4.3   7.8  -2.0   577.0     0.0   19.9  27   -0.3  22      0    0    1    0
2018 04   17.3   7.6  12.4  -1.1   322.6     4.7   27.8  25    2.8  11      0    0    0    0
2018 05   21.5  10.7  15.8  -1.0   132.1     7.1   27.4  24    3.2   1      0    0    0    0
2018 06   27.0  15.2  21.1  -1.4    47.4   197.0   35.8  24   10.3   6      6    0    0    0
2018 07   31.1  18.3  25.1  -1.1     0.0   354.0   34.0  31   15.5   3     11    0    0    0
2018 08   33.2  19.7  26.6   0.8     0.0   452.8   38.8   3   15.4  26     19    0    0    0
2018 09   29.3  17.1  23.1   1.7     0.0   262.8   34.6   2   14.7  29      3    0    0    0
2018 10   19.5  10.3  14.6  -1.6   206.9    15.0   27.2   4    2.5  29      0    0    0    0
2018 11   14.1   6.8  10.3   0.4   198.7     0.0   17.4   2    3.6   1      0    0    0    0
2018 12
---------------------------------------------------------------------------------------------
          20.4  10.3  15.3   0.1  2806.9  1293.4   38.8 AUG   -3.9 FEB     39    0   17    0


                            PRECIPITATION (mm)

                  DEP.    MAX         ---DAYS OF RAIN---
                  FROM    OBS.                OVER
 YR  MO  TOTAL    NORM    DAY  DATE   0.254  2.54   25.4
---------------------------------------------------------
2018 01   55.2    12.3   28.4    6       8      5      1
2018 02   51.8    12.0   22.8   28       4      4      0
2018 03  136.0    76.4   23.6    1      19     12      0
2018 04   51.4     8.3   14.4   10      12      6      0
2018 05   54.8    20.4   19.4   25      10      6      0
2018 06   32.2    14.7   15.6    2       7      4      0
2018 07    0.0    -6.5    0.0    0       0      0      0
2018 08    2.6    -0.1    2.6   22       1      1      0
2018 09   11.6    -0.5    6.2   17       3      2      0
2018 10   62.2     8.3   15.8   30      11      6      0
2018 11   19.4   -23.1   12.8    5       5      2      0
2018 12
---------------------------------------------------------
         477.2    96.1    28.4 JAN      80     48      1


                              WIND SPEED (kph)

                              DOM
 YR  MO    AVG     HI   DATE  DIR
----------------------------------
2018 01    7.4   54.7    26   NNE
2018 02    8.7   53.1    28     N
2018 03   12.3   85.3     1   SSW
2018 04    8.6   66.0    15   SSW
2018 05    6.4   59.5    29   NNE
2018 06    6.8   46.7     2   NNE
2018 07    7.4   48.3     4   SSW
2018 08    6.9   54.7     6     N
2018 09    5.4   45.1    15    NE
2018 10    7.4   51.5    29     N
2018 11    7.0   46.7     5   SSW
2018 12
----------------------------------
           7.7   85.3   MAR   NNE