NOAA-Style Climate Reports


Report for 2018 Enero
                   MONTHLY CLIMATOLOGICAL SUMMARY for JAN 2018


NAME: Santa Monica          CITY: Rivas Urbanizaciones  STATE: Madrid - Spain      
ELEV:  651.1 m    LAT: 40.4 N    LONG:  3.5 W


                   TEMPERATURE (C), RAIN (mm), WIND SPEED (kph)

                                         HEAT   COOL         AVG
      MEAN                               DEG    DEG          WIND                  DOM
DAY   TEMP   HIGH  TIME    LOW   TIME    DAYS   DAYS   RAIN  SPEED   HIGH  TIME    DIR
---------------------------------------------------------------------------------------
01     6.3    9.8  14:18    1.9  07:15   22.4    0.0     0.0 14.4    48.3  20:08   SSW
02     8.4   12.8  14:13    5.4  02:08   16.6    0.0     0.0 10.9    37.0  03:59   SSW
03     9.3   13.0  14:10    7.8  00:00   14.3    0.0     0.0  8.1    25.7  14:10   S
04     9.7   13.1  15:11    7.9  23:07   14.1    0.0     0.0  7.7    30.6  14:40   SSW
05     8.8   10.9  12:11    5.7  23:58   18.0    0.0     7.2 11.8    41.8  12:00   S
06     2.8    5.7  00:00    1.2  22:16   26.8    0.0    28.4 11.1    41.8  16:10   N
07     1.8    3.2  13:43    0.7  23:52   29.5    0.0     6.8  5.7    20.9  03:50   NE
08     2.6    7.0  16:27   -0.4  06:32   27.1    0.0     0.0  7.6    27.4  05:40   N
09     1.5    4.3  15:39   -1.3  07:57   30.3    0.0     1.4  2.3    14.5  14:20   SE
10     4.2    6.5  15:49    2.3  02:48   25.1    0.0     1.0  8.4    40.2  13:20   SW
11     5.0    8.4  14:45    1.7  04:44   24.0    0.0     0.2 10.9    46.7  11:10   WSW
12     4.3    7.5  15:24   -0.6  06:28   26.8    0.0     0.0  3.1    27.4  00:10   SSE
13     2.6    4.7  11:47    1.4  05:56   27.5    0.0     6.2  2.8    25.7  22:40   NE
14     3.7    6.7  15:05    2.2  00:29   25.0    0.0     0.0  5.1    27.4  00:10   N
15     3.6    8.1  15:08   -0.5  06:02   26.2    0.0     0.0  4.9    19.3  13:40   S
16     5.9   11.9  15:39    1.1  07:47   21.3    0.0     0.0  4.8    20.9  16:14   SSE
17     7.6   13.9  15:51    2.5  07:05   18.2    0.0     0.0  5.9    20.9  16:20   NE
18     7.1   13.4  15:43    1.8  05:53   19.3    0.0     0.0  7.0    27.4  07:00   N
19     7.7   13.9  14:12    2.4  08:02   18.3    0.0     0.0  6.1    30.6  01:00   N
20     7.2   11.4  13:50    1.6  07:07   21.2    0.0     0.0  4.6    20.9  12:10   SSE
21     9.2   16.1  16:40    3.8  07:38   15.1    0.0     0.0  3.9    20.9  23:50   SSE
22     8.0   14.3  15:45    3.4  07:26   17.1    0.0     0.0  6.2    27.4  23:40   N
23     8.7   15.9  16:15    3.1  07:57   15.9    0.0     0.0  9.7    27.4  03:50   N
24     8.7   14.7  15:44    3.7  07:27   16.4    0.0     0.0  2.8    19.3  00:04   NNE
25     5.9    8.2  00:00    3.7  05:35   22.2    0.0     3.6  5.5    37.0  23:50   SSW
26     5.4    8.8  15:37    2.8  07:17   22.5    0.0     0.4 12.5    54.7  00:20   NW
27     5.7   10.2  13:47    2.7  23:51   21.4    0.0     0.0 15.3    46.7  03:40   N
28     7.3   13.0  14:13    1.7  01:23   19.8    0.0     0.0 12.9    46.7  09:50   NNE
29     7.9   13.5  15:35    2.8  08:14   18.3    0.0     0.0  6.7    32.2  05:00   NNE
30     7.3   12.8  15:09    1.7  07:25   20.0    0.0     0.0  5.5    29.0  06:30   NNE
31     6.7   13.0  14:51    1.1  06:23   20.3    0.0     0.0  4.1    27.4  07:50   NNE
---------------------------------------------------------------------------------------
       6.2   16.1    21    -1.3     9   661.3    0.0    55.2  7.4    54.7    26    NNE

Max >=   32.2:  0
Max <=    0.0:  0
Min <=    0.0:  4
Min <=  -17.8:  0
Max Rain    :   28.4 mm ON 01/06/2018
Days of Rain: 8 (> 0.254 mm) 5 (> 2.54 mm) 1 (> 25.4 mm)