NOAA-Style Climate Reports


Report for 2018 Febrero
                   MONTHLY CLIMATOLOGICAL SUMMARY for FEB 2018


NAME: Santa Monica          CITY: Rivas Urbanizaciones  STATE: Madrid - Spain      
ELEV:  651.1 m    LAT: 40.4 N    LONG:  3.5 W


                   TEMPERATURE (C), RAIN (mm), WIND SPEED (kph)

                                         HEAT   COOL         AVG
      MEAN                               DEG    DEG          WIND                  DOM
DAY   TEMP   HIGH  TIME    LOW   TIME    DAYS   DAYS   RAIN  SPEED   HIGH  TIME    DIR
---------------------------------------------------------------------------------------
01     4.0   10.1  16:10    0.4  06:24   23.6    0.0     0.2  5.3    46.7  18:10   NNE
02     3.4    6.3  13:51    0.8  03:12   26.6    0.0     0.0 15.7    51.5  14:10   N
03     4.1    9.7  14:54   -1.8  03:45   25.9    0.0     0.0 10.9    41.8  18:10   WSW
04     2.2    4.9  00:00    0.7  14:29   28.0    0.0    13.4 11.5    32.2  10:40   N
05     1.3    2.4  16:37    0.1  10:41   30.7    0.0     3.4  9.5    30.6  13:50   N
06     2.0    5.4  14:42    0.0  23:50   28.1    0.0     0.2 12.6    43.5  17:20   N
07     1.1    4.7  12:31   -2.7  07:41   31.2    0.0     0.0  7.9    29.0  14:58   NNE
08     0.8    5.9  15:41   -3.9  06:48   31.2    0.0     0.0  7.2    24.1  14:00   NNE
09     2.3    7.7  16:04   -3.4  07:21   29.2    0.0     0.0  3.3    25.7  23:10   SE
10     5.0    8.3  14:10    2.8  06:43   23.0    0.0     0.0 11.1    46.7  12:10   N
11     7.6   13.8  13:46    1.0  07:24   19.7    0.0     0.0  8.2    45.1  14:20   SW
12     6.6   10.3  00:00    0.9  23:37   22.9    0.0     0.0 10.0    30.6  00:30   NNW
13     3.8    7.7  14:00   -1.6  07:01   27.5    0.0     0.0 11.7    48.3  18:20   S
14     7.3    9.1  15:14    5.2  07:01   20.1    0.0     0.0 13.2    45.1  14:00   SW
15     7.8    9.9  15:59    5.6  04:22   19.0    0.0     0.0  3.4    19.3  00:30   S
16     8.2   12.6  13:53    5.1  08:49   17.1    0.0     0.0  4.5    16.1  00:10   N
17     8.2   13.5  14:48    5.2  23:50   16.2    0.0     0.0  5.4    27.4  21:50   NNE
18     7.1   13.2  15:55    0.9  07:19   20.3    0.0     0.0 10.6    33.8  13:40   N
19     9.4   14.0  14:40    5.5  06:53   15.4    0.0     0.0  9.5    40.2  19:00   N
20     9.7   13.2  13:26    6.6  23:58   15.2    0.0     0.0 15.4    48.3  12:20   N
21     6.6   10.0  15:32    1.7  23:32   22.5    0.0     0.0 15.1    46.7  11:20   N
22     3.6   10.1  15:06   -2.3  07:16   26.0    0.0     0.0  7.5    27.4  20:30   NNE
23     3.2    9.6  16:30   -2.8  07:14   26.9    0.0     0.0  5.6    25.7  11:30   NNE
24     4.6   11.4  15:37   -2.8  07:13   25.2    0.0     0.0  2.5    17.7  13:10   SW
25     6.0   13.3  16:00   -1.7  07:50   22.5    0.0     0.0  3.4    20.9  04:00   SSW
26     8.0   16.1  14:43   -0.2  07:13   18.8    0.0     0.0  4.3    27.4  23:00   NE
27     2.4    4.6  22:55   -0.3  11:11   29.1    0.0    11.8  7.6    30.6  01:00   NNE
28     8.1   12.1  15:09    3.1  01:09   19.4    0.0    22.8 10.2    53.1  18:20   S
---------------------------------------------------------------------------------------
       5.2   16.1    26    -3.9     8   661.0    0.0    51.8  8.7    53.1    28    N

Max >=   32.2:  0
Max <=    0.0:  0
Min <=    0.0:  12
Min <=  -17.8:  0
Max Rain    :   22.8 mm ON 02/28/2018
Days of Rain: 4 (> 0.254 mm) 4 (> 2.54 mm) 0 (> 25.4 mm)