NOAA-Style Climate Reports


Report for 2018 Marzo
                   MONTHLY CLIMATOLOGICAL SUMMARY for MAR 2018


NAME: Santa Monica          CITY: Rivas Urbanizaciones  STATE: Madrid - Spain      
ELEV:  651.1 m    LAT: 40.4 N    LONG:  3.5 W


                   TEMPERATURE (C), RAIN (mm), WIND SPEED (kph)

                                         HEAT   COOL         AVG
      MEAN                               DEG    DEG          WIND                  DOM
DAY   TEMP   HIGH  TIME    LOW   TIME    DAYS   DAYS   RAIN  SPEED   HIGH  TIME    DIR
---------------------------------------------------------------------------------------
01     8.7   11.8  15:43    5.2  23:51   17.8    0.0    23.6 17.3    85.3  16:40   S
02     5.7    8.3  22:22    3.7  04:54   22.2    0.0    14.6  8.4    38.6  00:00   SSW
03     8.4   12.1  12:03    5.3  03:38   17.4    0.0     5.4 14.4    59.5  03:00   SSW
04     8.3   12.2  15:24    4.5  05:59   18.0    0.0     9.8  8.8    41.8  20:50   S
05     6.4    8.2  16:36    4.9  07:17   21.2    0.0     5.8 14.8    53.1  20:40   SW
06     6.0    9.3  16:30    3.4  04:26   21.5    0.0     0.8 12.0    49.9  12:00   SW
07     6.6   10.0  14:46    2.1  06:39   22.2    0.0     0.0  6.4    32.2  13:10   SSW
08     7.2   10.5  15:37    3.8  07:00   20.2    0.0     2.6  3.0    17.7  07:07   S
09    10.0   11.4  22:54    8.7  00:39   15.0    0.0     9.6  8.0    38.6  19:40   S
10    10.2   11.7  06:03    7.3  23:59   15.9    0.0    22.0 11.0    49.9  17:35   S
11     7.3   10.3  12:51    5.5  07:03   18.8    0.0     1.0 21.0    78.9  10:40   SSW
12     8.6   12.3  14:22    6.3  06:45   16.3    0.0     0.0 17.2    51.5  00:10   SW
13     9.0   13.3  15:48    5.7  05:47   15.9    0.0     1.2  7.1    30.6  12:10   S
14     8.9   12.7  15:25    5.9  22:41   16.2    0.0    14.0 12.0    56.3  17:10   S
15     7.6   10.9  14:27    5.6  06:55   18.1    0.0     0.4 17.5    53.1  17:40   SW
16     6.5   10.1  13:58    3.7  06:25   20.5    0.0     0.4 11.1    43.5  17:00   SW
17     5.4    8.8  16:17    2.2  10:55   23.1    0.0    10.4 10.8    40.2  16:50   SW
18     7.3   11.7  14:49    3.6  06:07   19.3    0.0     0.0 10.9    41.8  15:00   WSW
19     5.2    9.3  15:53    2.2  06:20   22.7    0.0     6.2 13.9    64.4  16:00   WSW
20     4.4    8.2  15:43    2.1  23:55   23.8    0.0     0.0 20.4    64.4  14:30   NW
21     5.3   10.4  14:06    1.2  01:57   22.6    0.0     0.0 18.2    48.3  00:40   NNW
22     5.8   12.6  16:50   -0.3  05:18   22.0    0.0     0.0  6.8    27.4  00:20   N
23     7.1   12.9  12:50    2.7  06:20   19.0    0.0     2.2 11.4    67.6  23:20   S
24     7.2   10.9  16:23    4.1  05:40   19.6    0.0     1.2 25.3    74.0  13:50   W
25     7.6   11.5  15:18    4.2  06:34   18.8    0.0     0.0  9.0    38.6  00:20   WNW
26     9.1   14.1  15:54    3.4  05:45   17.2    0.0     0.0  4.8    25.7  16:40   N
27    13.2   19.9  16:14    6.8  04:48    8.9    0.0     0.0  5.3    35.4  16:30   SSW
28    14.0   19.9  15:13    6.7  06:07    9.0    0.0     0.0  9.6    45.1  16:00   SW
29    10.7   13.9  15:29    7.2  23:59   14.0    0.0     0.0 13.7    49.9  16:20   SW
30     6.8   10.4  15:59    3.3  21:50   20.7    0.0     4.8 17.9    66.0  18:20   SW
31     7.6   12.8  16:38    2.3  06:09   19.3    0.0     0.0 13.5    48.3  07:50   WSW
---------------------------------------------------------------------------------------
       7.8   19.9    27    -0.3    22   577.0    0.0   136.0 12.3    85.3     1    SSW

Max >=   32.2:  0
Max <=    0.0:  0
Min <=    0.0:  1
Min <=  -17.8:  0
Max Rain    :   23.6 mm ON 03/01/2018
Days of Rain: 19 (> 0.254 mm) 12 (> 2.54 mm) 0 (> 25.4 mm)