NOAA-Style Climate Reports


Report for 2018 Abril
                   MONTHLY CLIMATOLOGICAL SUMMARY for APR 2018


NAME: Santa Monica          CITY: Rivas Urbanizaciones  STATE: Madrid - Spain      
ELEV:  651.1 m    LAT: 40.4 N    LONG:  3.5 W


                   TEMPERATURE (C), RAIN (mm), WIND SPEED (kph)

                                         HEAT   COOL         AVG
      MEAN                               DEG    DEG          WIND                  DOM
DAY   TEMP   HIGH  TIME    LOW   TIME    DAYS   DAYS   RAIN  SPEED   HIGH  TIME    DIR
---------------------------------------------------------------------------------------
01    10.9   17.6  15:16    3.8  06:40   13.8    0.0     0.0  2.5    25.7  14:10   ESE
02    13.1   18.8  15:33    8.1  06:17    8.8    0.0     0.6  8.1    59.5  20:10   S
03    11.8   16.2  15:17    8.1  23:54   11.2    0.0     1.2 15.2    59.5  15:40   SSW
04    10.1   14.7  15:52    6.9  04:22   13.5    0.0     0.0 17.7    57.9  16:50   SW
05    11.8   18.7  16:03    5.2  05:48   11.6    0.0     0.0  4.0    20.9  22:00   ESE
06    12.2   15.6  15:18    7.9  06:45   11.8    0.0     5.0  6.0    29.0  21:50   NNE
07     8.6   11.3  00:00    6.7  23:59   16.8    0.0     1.8  6.7    32.2  12:20   SSW
08     8.8   13.4  15:03    4.9  05:08   16.5    0.0     1.2  9.5    59.5  15:20   SSW
09     5.3    7.6  00:00    3.8  08:38   22.8    0.0     5.2 14.7    54.7  14:10   SSW
10     5.3    6.4  00:23    3.2  19:16   24.3    0.0    14.4 12.9    62.8  18:10   SSW
11     6.8   10.0  16:16    2.8  02:41   21.5    0.0     0.0 18.4    64.4  12:40   WSW
12     7.5   10.5  15:26    4.0  06:22   19.9    0.0     8.4 10.8    38.6  00:00   SSW
13     8.2   12.8  15:27    4.0  04:25   17.9    0.0     0.4  6.9    27.4  15:16   S
14    10.5   16.4  16:30    4.4  05:28   14.3    0.0     0.0  5.0    19.3  06:40   NNE
15    11.8   16.4  12:44    8.3  02:50   10.8    0.0     6.8 10.7    66.0  23:20   SSW
16    11.3   16.4  16:45    7.3  05:23   11.7    0.0     1.8  8.3    35.4  00:00   SW
17    14.2   20.8  16:23    6.7  06:17    8.3    0.0     0.0  2.3    17.7  12:10   SSW
18    17.4   24.6  16:15    9.7  04:28    2.2    0.0     0.0  4.1    25.7  23:40   E
19    17.1   22.9  15:21   11.1  06:18    2.5    0.0     0.0  6.9    32.2  21:20   NE
20    15.6   20.9  15:06   11.4  04:49    3.9    0.0     0.0  6.2    32.2  13:40   E
21    14.8   20.4  15:45    9.7  05:40    5.9    0.0     0.0  5.8    24.1  12:20   NE
22    17.1   22.8  16:03   11.4  04:51    2.2    0.0     0.0  6.0    27.4  16:10   NE
23    17.9   23.5  16:55   12.9  07:07    0.2    0.0     0.0  7.7    30.6  11:50   NNE
24    19.1   25.4  15:26   12.2  05:35    0.0    0.8     0.0  5.4    25.7  01:20   NNE
25    19.6   27.8  15:38   12.7  06:02    0.0    3.4     0.0  6.3    33.8  15:39   N
26    18.8   25.2  16:19   11.9  05:35    0.0    0.4     0.0  7.6    29.0  16:10   SSW
27    17.9   22.6  15:06   13.6  23:59    0.4    0.0     0.0  9.4    38.6  17:00   SSW
28    12.3   16.8  14:04    8.9  23:56    9.8    0.0     0.0 11.1    46.7  17:10   SSW
29     7.7   12.2  15:28    3.1  06:29   19.2    0.0     4.4 15.8    56.3  13:50   SW
30     7.0   10.6  11:33    3.2  05:19   20.7    0.0     0.2  7.1    38.6  13:40   SSW
---------------------------------------------------------------------------------------
      12.4   27.8    25     2.8    11   322.6    4.7    51.4  8.6    66.0    15    SSW

Max >=   32.2:  0
Max <=    0.0:  0
Min <=    0.0:  0
Min <=  -17.8:  0
Max Rain    :   14.4 mm ON 04/10/2018
Days of Rain: 12 (> 0.254 mm) 6 (> 2.54 mm) 0 (> 25.4 mm)