NOAA-Style Climate Reports


Report for 2018 Mayo
                   MONTHLY CLIMATOLOGICAL SUMMARY for MAY 2018


NAME: Santa Monica          CITY: Rivas Urbanizaciones  STATE: Madrid - Spain      
ELEV:  651.1 m    LAT: 40.4 N    LONG:  3.5 W


                   TEMPERATURE (C), RAIN (mm), WIND SPEED (kph)

                                         HEAT   COOL         AVG
      MEAN                               DEG    DEG          WIND                  DOM
DAY   TEMP   HIGH  TIME    LOW   TIME    DAYS   DAYS   RAIN  SPEED   HIGH  TIME    DIR
---------------------------------------------------------------------------------------
01     9.4   15.0  15:14    3.2  05:24   16.6    0.0     0.0  5.8    24.1  11:50   NNE
02    11.5   16.5  16:02    5.5  05:28   13.2    0.0     0.0  6.5    38.6  10:50   S
03    12.7   17.8  14:44    7.6  06:10   10.1    0.0     0.0 10.3    38.6  19:10   N
04    13.0   19.9  16:57    5.8  05:15    9.8    0.0     0.0 12.3    45.1  07:20   NNE
05    15.5   23.5  17:36    7.9  04:56    4.8    0.0     0.8  8.0    40.2  20:40   NNE
06    16.9   22.8  16:20   11.7  04:44    1.9    0.0     1.0  3.6    29.0  16:50   NE
07    16.0   22.5  17:07   11.7  05:41    2.2    0.0     4.4  5.5    30.6  18:40   NNE
08    17.5   24.6  14:31   11.6  05:48    0.4    0.0     0.2  4.5    40.2  14:40   N
09    18.3   24.2  14:21   11.6  05:41    0.8    0.0     0.0  7.7    30.6  13:30   NNW
10    18.0   23.0  16:59   12.8  05:12    0.8    0.0     0.0  8.4    30.6  07:20   NNE
11    17.9   23.9  16:26   11.4  05:42    1.2    0.0     0.0  6.8    32.2  16:20   SW
12    14.8   18.3  12:43    9.2  23:47    8.2    0.0     0.0 11.4    41.8  16:20   WSW
13    11.5   16.3  16:21    5.7  05:01   13.2    0.0     0.0  7.9    37.0  15:20   NW
14    13.8   17.9  16:36   10.3  04:30    7.7    0.0     0.0  8.6    32.2  15:10   NNW
15    14.7   22.6  16:40    6.9  05:36    6.4    0.0     0.0  9.1    32.2  13:10   N
16    17.4   24.4  17:32    9.9  05:31    2.1    0.0     0.0  8.3    30.6  05:30   NNE
17    18.1   24.5  16:31   13.2  05:32    0.0    0.9     0.0  5.1    29.0  20:40   NE
18    16.3   20.9  11:59   13.2  03:43    2.3    0.0     1.6  6.1    41.8  14:20   NNE
19    17.0   23.1  13:52   12.0  04:29    1.5    0.0     0.0  4.6    40.2  13:50   NE
20    16.4   21.0  17:29   12.2  05:23    3.1    0.0     0.6  4.4    32.2  00:10   NE
21    16.8   22.4  16:12   12.3  04:29    1.8    0.0     5.6  4.6    30.6  16:20   ESE
22    17.2   22.4  13:24   12.2  05:13    1.8    0.0     0.2  3.2    37.0  14:07   NE
23    19.5   25.6  16:38   14.0  05:08    0.0    2.6     3.0  4.9    51.5  18:00   NNE
24    19.7   27.4  15:41   13.2  05:05    0.0    3.6     0.0  8.6    38.6  16:20   NNE
25    14.6   19.6  17:28   12.4  06:48    4.2    0.0    19.4  4.2    41.8  04:40   SW
26    16.8   21.6  17:35   11.9  05:11    2.8    0.0     0.0  3.3    20.9  11:00   SSW
27    17.6   24.2  15:33   12.2  05:07    0.3    0.0     0.0  6.2    33.8  17:00   SSW
28    15.3   19.8  14:51   13.1  06:04    3.4    0.0     6.4  4.5    32.2  16:30   NNE
29    14.5   20.3  12:01   12.5  15:28    3.5    0.0    11.6  3.7    59.5  12:20   ENE
30    14.6   18.8  16:53   11.2  05:57    5.9    0.0     0.0  5.8    32.2  18:30   SSW
31    17.2   22.4  15:51   12.0  05:45    2.0    0.0     0.0  4.9    32.2  16:20   SSW
---------------------------------------------------------------------------------------
      15.8   27.4    24     3.2     1   132.1    7.1    54.8  6.4    59.5    29    NNE

Max >=   32.2:  0
Max <=    0.0:  0
Min <=    0.0:  0
Min <=  -17.8:  0
Max Rain    :   19.4 mm ON 05/25/2018
Days of Rain: 10 (> 0.254 mm) 6 (> 2.54 mm) 0 (> 25.4 mm)