NOAA-Style Climate Reports


Report for 2018 Junio
                   MONTHLY CLIMATOLOGICAL SUMMARY for JUN 2018


NAME: Santa Monica          CITY: Rivas Urbanizaciones  STATE: Madrid - Spain      
ELEV:  651.1 m    LAT: 40.4 N    LONG:  3.5 W


                   TEMPERATURE (C), RAIN (mm), WIND SPEED (kph)

                                         HEAT   COOL         AVG
      MEAN                               DEG    DEG          WIND                  DOM
DAY   TEMP   HIGH  TIME    LOW   TIME    DAYS   DAYS   RAIN  SPEED   HIGH  TIME    DIR
---------------------------------------------------------------------------------------
01    18.0   24.2  16:22   12.9  05:21    0.0    0.4     3.2  6.2    35.4  21:40   S
02    15.4   22.6  14:16   12.1  22:49    1.8    0.0    15.6  8.5    46.7  15:50   N
03    16.9   23.3  15:12   10.6  05:46    2.5    0.0     0.2  7.0    40.2  17:42   SSW
04    15.0   18.7  15:30   10.9  05:21    6.3    0.0     0.0 11.0    40.2  15:10   SSW
05    14.6   18.8  16:15   10.8  05:09    6.3    0.0     0.6  7.4    37.0  17:40   SW
06    14.1   19.4  17:51   10.3  05:24    6.2    0.0     4.8  3.5    40.2  13:40   NNE
07    17.5   22.4  15:33   10.8  04:46    3.1    0.0     0.0  6.8    38.6  16:20   SW
08    15.8   18.4  16:33   13.5  06:10    4.3    0.0     5.2  4.4    27.4  11:00   S
09    15.4   20.3  12:22   11.7  05:06    4.2    0.0     0.0  6.9    37.0  14:40   SSW
10    13.0   18.9  18:00   10.7  04:48    6.3    0.0     0.4  2.5    33.8  18:20   E
11    15.7   19.7  18:00   11.3  05:00    5.2    0.0     0.0  8.0    32.2  00:20   SW
12    18.1   23.4  16:00   12.6  04:40    0.6    0.0     0.0  4.7    32.2  17:00   N
13    18.2   23.8  16:10   12.4  05:00    0.3    0.0     0.0  9.7    30.6  18:50   NNW
14    18.9   26.4  16:30   11.7  05:00    0.0    1.3     0.0  7.0    25.7  13:50   N
15    22.4   29.9  17:10   14.5  05:30    0.0    6.9     0.0  5.1    27.4  23:50   NNE
16    23.2   30.6  17:10   15.9  05:20    0.0    8.8     0.0 11.0    32.2  01:50   N
17    23.2   30.6  15:20   15.8  05:30    0.0    8.7     0.0 12.0    33.8  02:10   N
18    23.6   30.3  17:20   15.7  04:40    0.0    8.3     0.0 10.9    35.4  11:20   NNE
19    24.2   31.9  15:20   14.9  05:00    0.0    9.2     0.0  8.5    30.6  03:40   NNE
20    26.1   32.3  16:30   18.7  05:20    0.0   12.9     0.0  4.7    25.7  23:10   NE
21    26.6   32.2  16:40   20.7  05:20    0.0   14.6     0.0  3.3    24.1  15:50   E
22    26.9   33.3  15:40   19.7  05:30    0.0   14.7     0.0  6.1    30.6  23:40   NNE
23    27.6   34.6  16:30   19.7  04:40    0.0   15.9     0.0  7.1    27.4  00:10   NNE
24    28.3   35.8  17:20   19.9  05:30    0.0   17.1     0.0  5.3    22.5  00:00   NNE
25    28.5   35.7  15:40   20.8  05:30    0.0   17.9     0.0  5.9    27.4  18:40   NNE
26    27.7   33.8  16:00   21.0  04:40    0.0   16.4     0.0  5.5    30.6  21:00   SSW
27    25.8   30.2  14:00   20.6  05:40    0.0   12.7     0.0  7.2    37.0  15:50   SSW
28    24.9   30.2  17:20   18.3  04:50    0.0   10.6     0.0  4.8    38.6  13:40   SSW
29    24.4   31.1  16:30   19.2  04:40    0.0   12.2     0.2  5.9    35.4  20:00   NE
30    22.6   27.4  17:30   18.6  05:50    0.0    8.4     2.0  6.0    27.4  15:20   ESE
---------------------------------------------------------------------------------------
      21.1   35.8    24    10.3     6    47.4  197.0    32.2  6.8    46.7     2    NNE

Max >=   32.2:  6
Max <=    0.0:  0
Min <=    0.0:  0
Min <=  -17.8:  0
Max Rain    :   15.6 mm ON 06/02/2018
Days of Rain: 7 (> 0.254 mm) 4 (> 2.54 mm) 0 (> 25.4 mm)