NOAA-Style Climate Reports


Report for 2018 Julio
                   MONTHLY CLIMATOLOGICAL SUMMARY for JUL 2018


NAME: Santa Monica          CITY: Rivas Urbanizaciones  STATE: Madrid - Spain      
ELEV:  651.1 m    LAT: 40.4 N    LONG:  3.5 W


                   TEMPERATURE (C), RAIN (mm), WIND SPEED (kph)

                                         HEAT   COOL         AVG
      MEAN                               DEG    DEG          WIND                  DOM
DAY   TEMP   HIGH  TIME    LOW   TIME    DAYS   DAYS   RAIN  SPEED   HIGH  TIME    DIR
---------------------------------------------------------------------------------------
01    22.0   26.3  16:00   17.9  04:50    0.0    6.8     0.0  7.7    35.4  16:20   SSW
02    21.3   26.4  16:30   15.9  05:20    0.0    5.1     0.0  9.1    45.1  16:10   SSW
03    23.1   29.9  18:10   15.5  04:50    0.0    7.9     0.0  4.0    33.8  14:20   SSW
04    22.3   26.2  17:00   16.7  06:10    0.0    5.6     0.0 11.0    48.3  14:10   SW
05    22.4   27.3  15:50   16.5  05:50    0.0    6.4     0.0  3.6    20.9  23:50   NW
06    24.3   30.6  17:20   16.3  04:50    0.0    9.2     0.0  7.6    30.6  03:30   NW
07    26.3   32.5  16:40   19.6  05:30    0.0   13.9     0.0  4.0    27.4  15:50   NE
08    26.4   32.7  14:50   19.7  05:10    0.0   14.2     0.0  8.2    32.2  23:20   NNE
09    26.7   33.5  16:40   19.8  05:00    0.0   14.9     0.0  9.3    40.2  22:00   NNW
10    26.8   33.3  16:40   19.7  05:10    0.0   14.7     0.0  9.8    32.2  01:40   NNW
11    25.8   31.4  16:20   20.1  05:00    0.0   13.3     0.0  9.9    41.8  16:40   NNW
12    25.1   31.2  17:10   18.4  05:10    0.0   11.6     0.0  6.1    27.4  22:50   N
13    26.4   32.1  16:10   20.1  05:30    0.0   13.9     0.0  5.7    30.6  15:20   S
14    26.1   31.6  16:10   19.9  05:10    0.0   13.4     0.0  7.3    37.0  15:10   S
15    23.0   27.7  16:30   17.9  05:30    0.0    8.1     0.0 11.5    46.7  19:00   SSW
16    23.0   28.4  17:00   16.2  05:30    0.0    7.2     0.0  6.4    38.6  00:10   NW
17    25.6   33.2  17:20   16.9  05:10    0.0   12.1     0.0  7.9    27.4  04:00   NNE
18    26.5   31.9  16:50   20.3  05:20    0.0   13.9     0.0  7.4    37.0  12:40   SW
19    25.9   31.8  15:20   18.5  05:30    0.0   12.3     0.0  7.2    40.2  13:00   SW
20    23.7   29.8  15:30   18.1  05:00    0.0   10.1     0.0  9.4    41.8  14:40   SSW
21    22.3   29.5  17:10   15.9  05:00    0.0    7.9     0.0 10.9    40.2  20:50   NNW
22    24.4   30.9  16:50   16.7  05:20    0.0    9.8     0.0  5.9    24.1  02:30   NE
23    26.9   33.6  16:10   18.8  05:00    0.0   14.2     0.0  7.0    30.6  14:30   SSW
24    26.3   31.9  16:50   19.6  05:20    0.0   13.3     0.0  7.9    37.0  17:10   SSW
25    26.7   33.3  16:00   18.7  05:00    0.0   13.8     0.0  3.7    29.0  14:30   SW
26    26.9   32.7  15:50   19.6  05:30    0.0   14.1     0.0  6.0    30.6  12:50   SSW
27    26.8   32.8  15:20   19.9  05:30    0.0   14.4     0.0  8.0    43.5  17:00   SSW
28    25.7   32.0  16:50   18.2  05:40    0.0   12.1     0.0  8.1    38.6  17:10   SSW
29    25.1   31.2  16:40   19.1  05:20    0.0   12.2     0.0  7.9    38.6  13:30   SSW
30    26.3   32.8  16:30   17.6  05:00    0.0   12.3     0.0  4.7    33.8  16:20   SSW
31    27.8   34.0  16:10   19.5  04:50    0.0   15.1     0.0  5.5    33.8  14:30   N
---------------------------------------------------------------------------------------
      25.1   34.0    31    15.5     3     0.0  354.0     0.0  7.4    48.3     4    SSW

Max >=   32.2:  11
Max <=    0.0:  0
Min <=    0.0:  0
Min <=  -17.8:  0
Max Rain    :    0.0 mm ON --/--/----
Days of Rain: 0 (> 0.254 mm) 0 (> 2.54 mm) 0 (> 25.4 mm)