NOAA-Style Climate Reports


Report for 2018 Agosto
                   MONTHLY CLIMATOLOGICAL SUMMARY for AUG 2018


NAME: Santa Monica          CITY: Rivas Urbanizaciones  STATE: Madrid - Spain      
ELEV:  651.1 m    LAT: 40.4 N    LONG:  3.5 W


                   TEMPERATURE (C), RAIN (mm), WIND SPEED (kph)

                                         HEAT   COOL         AVG
      MEAN                               DEG    DEG          WIND                  DOM
DAY   TEMP   HIGH  TIME    LOW   TIME    DAYS   DAYS   RAIN  SPEED   HIGH  TIME    DIR
---------------------------------------------------------------------------------------
01    29.4   36.4  16:40   20.8  05:10    0.0   18.6     0.0  3.9    22.5  16:50   NNE
02    31.2   38.2  15:50   22.4  05:10    0.0   21.6     0.0  5.7    27.4  22:50   NNE
03    31.8   38.8  14:30   24.4  06:00    0.0   23.9     0.0  8.6    33.8  16:40   N
04    30.2   37.7  15:50   22.7  05:00    0.0   21.4     0.0  8.9    30.6  20:20   N
05    30.0   36.7  17:40   22.5  05:30    0.0   20.3     0.0  9.1    29.0  04:40   N
06    30.0   36.9  16:00   22.4  06:00    0.0   20.4     0.0  6.0    54.7  17:40   NNW
07    29.5   35.6  14:30   24.1  23:50    0.0   20.7     0.0  7.4    43.5  15:30   SSW
08    27.0   33.8  15:10   20.1  05:50    0.0   15.5     0.0  8.2    51.5  17:40   SSW
09    24.3   29.4  15:20   18.7  23:50    0.0   10.3     0.0  7.5    43.5  21:10   SW
10    24.0   32.1  17:40   16.1  04:10    0.0   10.3     0.0  9.6    40.2  02:10   NNE
11    27.1   33.5  16:20   20.5  05:40    0.0   15.6     0.0  2.9    24.1  16:50   NE
12    27.9   34.0  15:50   22.1  05:20    0.0   17.5     0.0  7.7    45.1  17:10   SW
13    26.2   32.4  16:20   19.3  05:40    0.0   13.6     0.0  6.2    35.4  14:20   NE
14    25.1   31.7  16:10   17.8  05:40    0.0   11.6     0.0 10.2    32.2  04:50   N
15    26.0   33.0  16:50   17.8  05:20    0.0   12.7     0.0  8.6    30.6  00:20   NNE
16    25.1   30.5  15:40   21.7  06:50    0.0   14.0     0.0  5.1    41.8  16:30   ESE
17    24.0   30.1  14:20   17.6  05:30    0.0    9.9     0.0  7.1    33.8  19:40   NNE
18    22.6   29.8  16:20   15.8  05:10    0.0    8.0     0.0  9.9    35.4  00:10   N
19    24.5   31.1  15:50   17.5  06:00    0.0   10.8     0.0  7.2    27.4  04:40   NNE
20    25.7   31.9  15:50   18.8  05:50    0.0   12.7     0.0  4.8    24.1  23:00   NNE
21    26.5   32.6  16:00   19.4  05:30    0.0   13.8     0.0  4.0    25.7  21:50   NNE
22    25.1   32.4  15:30   20.2  18:20    0.0   14.4     2.6  4.2    40.2  15:50   NNE
23    25.3   32.3  16:50   18.6  04:40    0.0   12.8     0.0  4.1    29.0  15:00   NW
24    25.4   32.4  14:50   18.1  05:30    0.0   12.5     0.0  8.1    37.0  14:50   N
25    24.0   31.7  15:40   16.3  05:50    0.0   10.2     0.0 10.0    33.8  15:00   NNW
26    24.2   31.8  16:40   15.4  05:40    0.0    9.6     0.0  8.3    30.6  01:00   NNW
27    27.2   34.1  15:20   18.8  06:20    0.0   14.7     0.0  5.6    33.8  15:40   NNE
28    28.0   33.0  15:30   22.9  06:00    0.0   17.3     0.0  8.4    46.7  17:00   S
29    25.8   31.1  16:10   19.2  06:10    0.0   12.2     0.0  4.0    25.7  21:40   SW
30    25.3   31.7  17:10   18.3  05:50    0.0   12.0     0.0  6.7    24.1  01:00   NNW
31    26.2   32.9  16:20   19.7  05:50    0.0   14.3     0.0  6.8    29.0  23:10   NNE
---------------------------------------------------------------------------------------
      26.6   38.8     3    15.4    26     0.0  452.8     2.6  6.9    54.7     6    N

Max >=   32.2:  19
Max <=    0.0:  0
Min <=    0.0:  0
Min <=  -17.8:  0
Max Rain    :    2.6 mm ON 08/22/2018
Days of Rain: 1 (> 0.254 mm) 1 (> 2.54 mm) 0 (> 25.4 mm)