NOAA-Style Climate Reports


Report for 2018 Septiembre
                   MONTHLY CLIMATOLOGICAL SUMMARY for SEP 2018


NAME: Santa Monica          CITY: Rivas Urbanizaciones  STATE: Madrid - Spain      
ELEV:  651.1 m    LAT: 40.4 N    LONG:  3.5 W


                   TEMPERATURE (C), RAIN (mm), WIND SPEED (kph)

                                         HEAT   COOL         AVG
      MEAN                               DEG    DEG          WIND                  DOM
DAY   TEMP   HIGH  TIME    LOW   TIME    DAYS   DAYS   RAIN  SPEED   HIGH  TIME    DIR
---------------------------------------------------------------------------------------
01    26.3   33.3  16:30   19.0  05:50    0.0   14.1     0.0  7.4    29.0  23:30   NNW
02    27.5   34.6  16:00   20.7  05:40    0.0   16.7     0.0  6.8    38.6  21:50   NNE
03    26.4   31.2  16:00   22.5  03:20    0.0   15.3     0.0  5.9    27.4  19:20   S
04    23.9   28.8  15:50   18.4  05:30    0.0    9.6     0.0  3.1    24.1  13:30   SSW
05    22.2   26.7  15:50   17.3  05:30    0.0    6.6     0.0  7.6    37.0  13:00   SSW
06    20.8   25.5  12:50   17.0  05:40    0.0    5.2     0.0  6.3    27.4  14:00   S
07    20.6   27.5  15:10   14.9  05:50    0.0    5.2     0.0  9.5    29.0  01:00   NNE
08    19.2   21.9  11:20   17.1  05:20    0.0    2.1     4.8  6.3    25.7  02:00   NNE
09    21.3   27.2  15:20   15.4  04:40    0.0    5.3     0.0  3.8    27.4  15:20   NNE
10    21.4   27.6  14:20   15.6  05:40    0.0    5.8     0.0  5.6    24.1  01:00   NE
11    22.0   28.2  14:10   16.1  05:40    0.0    6.8     0.0  5.4    24.1  13:40   NNE
12    22.5   29.3  16:40   15.3  06:00    0.0    7.2     0.0  4.8    29.0  01:10   NE
13    24.4   31.1  15:40   17.4  05:50    0.0   10.7     0.0  5.9    27.4  23:30   NNE
14    24.5   31.0  14:50   17.8  06:00    0.0   10.9     0.0  5.1    29.0  00:30   NE
15    23.4   29.6  16:40   18.8  23:50    0.0   10.6     0.4  3.8    45.1  18:50   ESE
16    23.4   30.3  15:50   16.7  06:00    0.0    9.3     0.0  1.8    14.5  10:10   ESE
17    22.7   29.1  13:30   16.6  23:10    0.0    8.1     6.2  6.6    38.6  18:30   NE
18    21.5   27.7  14:50   16.7  01:20    0.0    7.0     0.2  3.6    20.9  00:00   NNE
19    23.5   30.3  14:40   16.3  05:50    0.0    8.9     0.0  3.1    20.9  05:10   NNE
20    24.5   30.8  16:10   17.8  06:10    0.0   10.7     0.0  4.0    22.5  14:20   NNE
21    24.4   30.7  15:10   17.8  06:10    0.0   10.6     0.0  5.4    27.4  14:00   N
22    25.3   32.1  16:10   18.1  06:20    0.0   12.2     0.0  8.2    29.0  03:30   NNW
23    25.7   32.8  16:20   18.6  06:50    0.0   13.2     0.0  8.6    29.0  00:10   NNE
24    24.5   31.5  15:30   18.4  06:00    0.0   11.9     0.0 11.6    32.2  08:00   N
25    22.3   30.5  16:00   14.7  06:20    0.0    7.7     0.0  8.2    33.8  04:30   NNE
26    21.4   27.2  15:40   18.3  23:50    0.0    8.0     0.0  4.4    29.0  16:20   ESE
27    21.0   27.1  16:00   15.6  05:40    0.0    5.3     0.0  1.7    16.1  13:20   NNE
28    21.4   28.0  16:00   15.0  06:10    0.0    5.7     0.0  2.0    17.7  13:50   NE
29    21.8   28.5  15:00   14.7  06:00    0.0    5.9     0.0  2.3    27.4  22:50   N
30    22.0   28.5  15:00   15.1  06:40    0.0    6.2     0.0  4.5    30.6  23:50   NNE
---------------------------------------------------------------------------------------
      23.1   34.6     2    14.7    29     0.0  262.8    11.6  5.4    45.1    15    NE

Max >=   32.2:  3
Max <=    0.0:  0
Min <=    0.0:  0
Min <=  -17.8:  0
Max Rain    :    6.2 mm ON 09/17/2018
Days of Rain: 3 (> 0.254 mm) 2 (> 2.54 mm) 0 (> 25.4 mm)