NOAA-Style Climate Reports


Report for 2018 Octubre
                   MONTHLY CLIMATOLOGICAL SUMMARY for OCT 2018


NAME: Santa Monica          CITY: Rivas Urbanizaciones  STATE: Madrid - Spain      
ELEV:  651.1 m    LAT: 40.4 N    LONG:  3.5 W


                   TEMPERATURE (C), RAIN (mm), WIND SPEED (kph)

                                         HEAT   COOL         AVG
      MEAN                               DEG    DEG          WIND                  DOM
DAY   TEMP   HIGH  TIME    LOW   TIME    DAYS   DAYS   RAIN  SPEED   HIGH  TIME    DIR
---------------------------------------------------------------------------------------
01    18.4   24.7  16:00   13.4  07:00    0.0    1.3     0.0 14.2    35.4  09:10   N
02    17.3   25.3  16:40    8.6  06:10    2.5    0.0     0.0  9.0    38.6  10:50   NNE
03    19.7   26.9  15:20   13.0  05:30    0.0    2.9     0.0  7.2    27.4  06:20   NNE
04    20.2   27.2  16:10   12.4  06:30    0.0    2.7     0.0  5.6    22.5  03:30   NNE
05    20.0   26.6  15:40   13.2  06:10    0.0    2.8     0.0  3.9    22.5  13:40   SSE
06    20.1   26.7  15:10   13.1  06:20    0.0    2.8     0.0  8.1    41.8  16:00   SW
07    14.2   18.4  14:50   10.3  06:40    7.2    0.0     0.0 11.4    38.6  12:20   N
08    13.3   18.4  15:20    7.7  05:50    9.5    0.0     0.0  7.2    29.0  10:20   NNE
09    12.5   18.2  13:20    8.7  06:10    8.8    0.0     7.0 10.8    43.5  16:40   NNE
10    15.1   19.6  15:40   11.3  01:10    5.2    0.0     2.2  2.4    17.7  00:50   SE
11    17.2   21.3  15:30   14.3  03:00    1.0    0.0     2.4  6.6    37.0  15:30   S
12    18.0   21.3  16:00   15.1  06:20    0.2    0.0     0.6  3.4    24.1  12:00   SSW
13    19.6   25.8  16:00   13.6  06:10    0.0    2.4     0.0  3.0    25.7  21:20   NE
14    14.3   18.5  00:00   11.4  23:50    6.1    0.0     4.4 12.2    45.1  05:10   SW
15    10.9   14.2  12:30    7.4  06:30   13.6    0.0     0.2  4.8    30.6  13:30   S
16    14.8   20.4  16:50    9.7  04:20    5.9    0.0     0.0  4.7    22.5  23:10   NNW
17    15.5   20.9  14:50    9.8  06:20    5.4    0.0     0.0  4.5    24.1  15:00   SSW
18    15.2   19.7  12:20   12.7  03:20    3.8    0.0     6.6  9.8    30.6  15:10   NNE
19    13.9   16.7  10:50   12.0  06:20    7.2    0.0    10.6  9.8    35.4  00:10   N
20    15.7   19.8  15:40   12.9  06:10    3.6    0.0     2.2  9.2    29.0  11:00   NNE
21    16.1   20.3  15:50   13.2  05:00    2.9    0.0     0.2  8.7    24.1  05:00   N
22    16.2   22.1  14:40   11.4  06:50    2.9    0.0     0.0  8.2    33.8  21:00   N
23    13.1   20.0  12:40   10.6  06:30    5.5    0.0     0.0 13.3    30.6  04:10   N
24    19.8   23.5  15:40   12.9  23:50    0.2    0.0     0.0  1.3    14.5  21:50   WNW
25    16.0   23.1  15:10    9.4  06:30    3.8    0.0     0.0  2.5    20.9  02:00   WNW
26    11.2   14.3  00:00   10.0  06:00   11.2    0.0     0.0  0.8    14.5  05:30   NNE
27     8.4   12.3  10:10    4.2  23:50   18.1    0.0     8.0  7.9    43.5  12:50   N
28     5.6    8.9  12:10    2.9  06:00   22.3    0.0     0.0 10.8    48.3  12:50   N
29     6.6    9.9  15:10    2.5  01:10   21.8    0.0     0.0 14.8    51.5  06:50   WSW
30     6.8    8.2  17:20    5.2  03:10   20.9    0.0    15.8  5.6    32.2  01:40   SSE
31     7.8   11.2  15:30    6.0  06:10   17.5    0.0     2.0  7.3    37.0  15:00   SW
---------------------------------------------------------------------------------------
      14.6   27.2     4     2.5    29   206.9   15.0    62.2  7.4    51.5    29    N

Max >=   32.2:  0
Max <=    0.0:  0
Min <=    0.0:  0
Min <=  -17.8:  0
Max Rain    :   15.8 mm ON 10/30/2018
Days of Rain: 11 (> 0.254 mm) 6 (> 2.54 mm) 0 (> 25.4 mm)