NOAA-Style Climate Reports

Select a Year or Month report


Report for 2018 Noviembre
                   MONTHLY CLIMATOLOGICAL SUMMARY for NOV 2018


NAME: Santa Monica          CITY: Rivas Urbanizaciones  STATE: Madrid - Spain      
ELEV:  651.1 m    LAT: 40.4 N    LONG:  3.5 W


                   TEMPERATURE (C), RAIN (mm), WIND SPEED (kph)

                                         HEAT   COOL         AVG
      MEAN                               DEG    DEG          WIND                  DOM
DAY   TEMP   HIGH  TIME    LOW   TIME    DAYS   DAYS   RAIN  SPEED   HIGH  TIME    DIR
---------------------------------------------------------------------------------------
01     8.8   14.0  15:30    3.6  06:40   17.2    0.0     0.0  2.9    25.7  16:40   S
02    12.3   17.4  13:50    8.2  01:10    9.9    0.0     0.0  7.9    35.4  15:40   NNW
03    10.5   16.1  16:20    4.4  06:50   14.6    0.0     0.0  1.7    16.1  00:00   NNE
04     9.2   15.5  15:00    3.6  06:40   15.8    0.0     0.0  3.0    29.0  16:20   SSW
05     8.3   10.1  00:50    6.7  23:50   18.0    0.0    12.8 11.7    46.7  10:20   SSW
06     8.0   10.8  13:50    5.1  05:40   18.8    0.0     0.0 11.7    38.6  13:30   SSW
07     9.8   13.4  14:20    7.9  07:30   13.8    0.0     1.0  6.7    32.2  12:30   S
08     8.9   12.6  13:30    6.0  06:00   16.3    0.0     3.8  4.2    33.8  21:40   S
09    10.0   12.1  14:54    5.2  07:00   17.4    0.0     0.0 11.8    37.0  09:40   SW
10    10.8   12.8  14:38    8.9  04:23   13.5    0.0     0.8 11.5    43.5  14:30   S
11    12.9   15.8  15:07   10.9  00:07    9.0    0.0     0.8  6.9    25.7  02:30   S
12    11.5   13.9  14:36    9.2  04:52   12.2    0.0     0.2  4.5    20.9  00:20   NNE
13    11.8   16.7  15:44    8.3  06:49   10.5    0.0     0.0  5.4    24.1  08:10   NNE
14    11.6   16.6  14:17    6.9  08:03   11.8    0.0     0.0  8.2    27.4  06:50   NNE
15    12.7   16.1  14:48    9.7  07:16    9.8    0.0     1.2  6.4    24.1  08:00   NNE
16    12.9   15.9  15:40   10.8  07:23    8.9    0.0     0.6  5.0    22.5  20:30   NE
17    12.3   16.4  13:23    8.0  07:23   11.0    0.0     0.0  4.4    25.7  01:00   NE
18    10.3   13.0  11:32    8.7  23:59   13.4    0.0     6.0  5.9    27.4  12:50   ENE
19     9.8   12.7  13:37    8.2  02:37   14.2    0.0     1.2  7.8    22.5  15:00   N
20     9.1   11.7  15:09    7.5  11:26   15.7    0.0     5.6 14.3    48.3  15:10   SW
21     8.1   11.5  12:45    6.2  23:41   17.0    0.0     5.6  9.2    43.5  13:30   S
22     8.4   10.9  12:04    5.4  02:09   18.3    0.0     0.0  2.8    20.9  11:50   SE
23     7.8   10.8  15:07    4.7  23:59   19.0    0.0     2.6  6.3    32.2  14:50   S
24     5.7    9.3  14:29    2.1  07:36   22.8    0.0     0.0  2.5    14.5  07:00   SSE
25     9.6   13.9  14:12    6.7  02:05   14.5    0.0     8.6 10.9    48.3  12:20   SSW
26     8.9   11.4  14:11    5.5  07:27   17.8    0.0     1.2 11.3    67.6  03:00   W
27     7.3   11.9  14:51    3.4  07:28   19.2    0.0     0.0  2.8    19.3  14:50   SSE
28     6.5   11.3  14:12    2.1  05:49   21.0    0.0     0.0  1.3    16.1  13:30   ENE
29     6.5   11.3  12:57    1.5  07:27   21.4    0.0     3.2  2.0    16.1  01:00   NNE
30     7.3   11.2  13:38    4.1  23:41   19.2    0.0     1.8  2.3    16.1  22:30   SSW
---------------------------------------------------------------------------------------
       9.6   17.4     2     1.5    29   462.0    0.0    57.0  6.4    67.6    26    SSW

Max >=   32.2:  0
Max <=    0.0:  0
Min <=    0.0:  0
Min <=  -17.8:  0
Max Rain    :   12.8 mm ON 11/05/2018
Days of Rain: 16 (> 0.254 mm) 8 (> 2.54 mm) 0 (> 25.4 mm)