NOAA-Style Climate Reports


Report for 2018 Diciembre
                   MONTHLY CLIMATOLOGICAL SUMMARY for DEC 2018


NAME: Santa Monica          CITY: Rivas Urbanizaciones  STATE: Madrid - Spain      
ELEV:  651.1 m    LAT: 40.4 N    LONG:  3.5 W


                   TEMPERATURE (C), RAIN (mm), WIND SPEED (kph)

                                         HEAT   COOL         AVG
      MEAN                               DEG    DEG          WIND                  DOM
DAY   TEMP   HIGH  TIME    LOW   TIME    DAYS   DAYS   RAIN  SPEED   HIGH  TIME    DIR
---------------------------------------------------------------------------------------
01     5.7   10.8  15:36    1.3  06:46   22.1    0.0     0.0  3.0    17.7  13:30   S
02     5.6    7.4  16:22    3.9  07:33   22.8    0.0     0.0  1.2     9.7  20:28   ESE
03     5.7    6.8  15:31    4.8  23:45   22.6    0.0     0.0  0.8    11.3  12:50   NNE
04     8.8   16.7  15:37    2.7  06:32   15.6    0.0     0.0  1.5    17.7  04:09   N
05    10.5   17.1  14:36    5.5  07:58   12.7    0.0     0.0  2.6    22.5  02:50   NE
06    10.0   16.6  15:14    4.6  06:24   13.9    0.0     0.0  2.5    24.1  23:43   NNE
07     5.4    8.5  15:27    2.7  07:17   22.9    0.0     0.0  3.3    25.7  00:00   ESE
08     8.3   13.8  15:47    3.1  07:20   17.8    0.0     0.2  2.1    14.5  04:20   ESE
09     9.1   16.3  14:48    3.2  07:38   15.5    0.0     0.0  1.9    20.9  22:40   ENE
10     8.5   15.0  15:14    2.4  07:38   17.3    0.0     0.0  2.2    25.7  02:30   NNW
11     7.4   12.6  14:40    2.2  07:04   19.7    0.0     0.0  2.9    22.5  00:30   SSE
12     6.1    8.6  16:11    3.4  05:11   22.2    0.0     0.0  3.9    22.5  21:30   SSW
13     6.9    8.9  12:37    4.9  23:58   20.5    0.0    13.6 11.5    56.3  14:40   SW
14     6.1   10.3  13:43    1.8  06:29   22.2    0.0     0.0  4.9    30.6  11:40   WNW
15     5.4    8.4  19:20    1.9  06:07   23.8    0.0     0.0  5.9    27.4  18:10   S
16     8.6   12.0  14:37    6.9  07:24   16.0    0.0     0.4 11.9    51.5  14:10   SW
17     5.6    9.4  15:21    2.4  06:41   22.4    0.0     0.0  2.3    19.3  00:09   E
18     4.5    7.3  20:00    0.9  05:48   25.7    0.0     0.2  1.9    20.9  00:40   NNE
19     5.9    8.7  14:38    4.8  22:53   20.8    0.0     0.8  7.4    29.0  14:30   SSW
20     6.9   10.4  14:25    5.1  03:50   19.0    0.0     0.0  3.7    19.3  01:10   SSW
21     7.0    8.2  16:25    5.4  03:34   20.7    0.0     0.0  2.5    14.5  02:30   SW
22     6.8    7.7  14:10    5.1  23:56   21.5    0.0     0.0  1.6    14.5  21:50   S
23     4.4    6.9  15:26    2.8  08:00   24.2    0.0     0.2  1.3    14.5  00:08   SE
24     6.0   12.1  15:22    0.9  07:40   21.3    0.0     0.4  2.7    30.6  23:20   NNE
25     8.3   12.9  15:43    3.8  08:07   18.0    0.0     0.0  5.9    30.6  00:00   NNE
26     7.6   13.2  14:11    2.8  08:07   18.6    0.0     0.0  1.0    14.5  02:50   NNE
27     5.6   10.9  15:18    0.9  07:00   22.3    0.0     0.0  1.2    12.9  07:30   SSE
28     6.0   13.6  15:05    0.5  07:38   20.3    0.0     0.0  4.5    29.0  14:30   NNE
29     7.2   12.6  15:50    2.4  07:11   19.5    0.0     0.0  8.9    27.4  23:30   N
30     7.2   14.8  15:38    0.9  08:02   18.8    0.0     0.0  4.9    29.0  01:00   N
31     7.3   14.8  14:49    0.3  07:21   19.3    0.0     0.0  2.8    30.6  01:00   SSW
---------------------------------------------------------------------------------------
       6.9   17.1     5     0.3    31   619.9    0.0    15.8  3.7    56.3    13    NE

Max >=   32.2:  0
Max <=    0.0:  0
Min <=    0.0:  0
Min <=  -17.8:  0
Max Rain    :   13.6 mm ON 12/13/2018
Days of Rain: 4 (> 0.254 mm) 1 (> 2.54 mm) 0 (> 25.4 mm)