NOAA-Style Climate Reports


Report for 2019
                   ANNUAL CLIMATOLOGICAL SUMMARY for 2019


NAME: Santa Monica          CITY: Rivas Urbanizaciones  STATE: Madrid - Spain      
ELEV:  651.1 m    LAT: 40.4 N    LONG:  3.5 W


                 TEMPERATURE (C), RAIN (mm), WIND SPEED (kph)

                            DEP.    HEAT    COOL
          MEAN  MEAN        FROM    DEG     DEG                          MAX   MAX  MIN   MIN
 YR  MO   MAX   MIN   MEAN  NORM    DAYS    DAYS     HI DATE   LOW DATE >=32.2 <=0  <=0  <=-17.8
---------------------------------------------------------------------------------------------
2019 01   11.4   1.1   6.0  -0.4   672.7     0.0   15.7   7   -2.4   6      0    0   14    0
2019 02   14.6   2.7   8.5   1.5   488.8     0.0   20.7  26   -2.7   4      0    0    1    0
2019 03   17.5   5.4  11.6   1.5   382.2     0.0   23.8  16    2.0   7      0    0    0    0
2019 04   16.4   6.9  11.4  -1.8   361.1     0.0   25.1  30    2.4   6      0    0    0    0
2019 05   24.3  10.9  17.7   0.8    83.3    41.7   31.3  15    6.1   4      0    0    0    0
2019 06   29.0  16.3  23.1   0.5    18.5   250.3   39.6  28    8.3  12      8    0    0    0
2019 07   33.2  20.5  27.1   0.7     0.0   475.7   37.5  12   14.6  28     21    0    0    0
2019 08   31.9  19.5  25.9   0.2     0.0   279.5   35.5  17   14.6  13     11    0    0    0
2019 09
2019 10
2019 11
2019 12
---------------------------------------------------------------------------------------------
          22.3  10.4  16.4   1.2  2006.6  1047.2   39.6 JUN   -2.7 FEB     40    0   15    0


                            PRECIPITATION (mm)

                  DEP.    MAX         ---DAYS OF RAIN---
                  FROM    OBS.                OVER
 YR  MO  TOTAL    NORM    DAY  DATE   0.254  2.54   25.4
---------------------------------------------------------
2019 01   16.2   -22.3    5.8   19       4      4      0
2019 02    8.2   -26.4    8.2    1       1      1      0
2019 03   12.8   -39.0   11.8    6       2      1      0
2019 04   84.4    34.4   28.2   18      14      7      1
2019 05    0.0   -29.5    0.0    0       0      0      0
2019 06    0.0   -15.0    0.0    0       0      0      0
2019 07    6.8     0.2    4.0   23       2      2      0
2019 08   18.6    13.6   18.4   21       1      1      0
2019 09
2019 10
2019 11
2019 12
---------------------------------------------------------
         147.0  -222.9    28.2 APR      24     16      1


                              WIND SPEED (kph)

                              DOM
 YR  MO    AVG     HI   DATE  DIR
----------------------------------
2019 01    7.1   70.8    23   NNE
2019 02    5.1   72.4     1    NE
2019 03    7.4   67.6     6   NNE
2019 04    8.3   70.8    25    SW
2019 05    9.5   70.8    16     N
2019 06    7.8   54.7     5     S
2019 07    7.0   77.2    23     S
2019 08    8.3   54.7     9   SSW
2019 09
2019 10
2019 11
2019 12
----------------------------------
           7.5   77.2   JUL   NNE