NOAA-Style Climate Reports


Report for 2019 Enero
                   MONTHLY CLIMATOLOGICAL SUMMARY for JAN 2019


NAME: Santa Monica          CITY: Rivas Urbanizaciones  STATE: Madrid - Spain      
ELEV:  651.1 m    LAT: 40.4 N    LONG:  3.5 W


                   TEMPERATURE (C), RAIN (mm), WIND SPEED (kph)

                                         HEAT   COOL         AVG
      MEAN                               DEG    DEG          WIND                  DOM
DAY   TEMP   HIGH  TIME    LOW   TIME    DAYS   DAYS   RAIN  SPEED   HIGH  TIME    DIR
---------------------------------------------------------------------------------------
01     6.1   13.1  14:59    0.7  05:33   20.6    0.0     0.0  1.1    14.5  05:49   SSW
02     5.0   12.3  15:58   -1.3  08:11   23.1    0.0     0.0  4.0    27.4  23:20   NNE
03     6.3   13.2  15:08    1.3  08:02   19.9    0.0     0.0  6.3    30.6  01:00   NNE
04     4.9   12.8  14:54   -0.6  08:15   22.0    0.0     0.0  2.7    25.7  06:10   NE
05     4.6   11.8  15:49   -1.3  07:32   23.5    0.0     0.0  1.8    19.3  05:30   ENE
06     5.8   15.1  15:27   -2.4  07:34   21.6    0.0     0.0  4.6    22.5  23:00   N
07     7.8   15.7  15:46    0.7  07:12   18.3    0.0     0.0  6.0    24.1  21:20   NNE
08     6.7   14.4  15:44   -0.1  08:23   20.0    0.0     0.0  4.7    22.5  01:20   N
09     6.4   13.7  15:01    0.8  06:51   19.9    0.0     0.0  6.2    38.6  19:00   N
10     3.7    8.4  14:04   -0.7  07:20   26.0    0.0     0.0  9.2    32.2  12:10   NNE
11     2.8    7.6  16:01   -2.3  04:54   28.2    0.0     0.0  4.6    25.7  13:39   N
12     4.1   10.3  15:11   -2.0  07:01   25.5    0.0     0.0  3.6    17.7  10:44   NNW
13     3.9   10.8  16:18   -1.9  07:23   25.0    0.0     0.0  1.6    17.7  07:20   SW
14     6.6   14.6  15:27   -0.3  07:15   20.2    0.0     0.0  2.6    22.5  23:04   NE
15     6.9   13.6  14:51    1.6  08:24   19.3    0.0     0.0  5.3    25.7  03:08   NNE
16     4.6   10.1  15:05    0.0  07:30   23.9    0.0     0.0  3.4    24.1  15:30   S
17     4.0    7.3  16:32    1.8  04:46   24.8    0.0     0.0  1.8    16.1  21:40   N
18     2.4    6.9  15:32   -1.6  06:52   28.2    0.0     0.0  3.4    20.9  16:30   S
19     1.5    4.2  13:14   -2.2  07:44   31.2    0.0     5.8  2.6    17.7  14:20   S
20     5.5    9.3  14:37    2.6  02:52   22.3    0.0     2.6  9.4    48.3  11:20   NNW
21     5.6    8.8  15:01    2.9  23:59   22.5    0.0     0.0 12.6    40.2  15:50   N
22     3.5    7.6  13:30   -0.2  07:11   26.3    0.0     0.0  7.4    43.5  14:50   S
23     9.8   13.4  14:29    5.1  01:08   16.4    0.0     0.0 22.4    70.8  10:59   WSW
24    11.4   15.3  13:10    8.6  06:44   11.5    0.0     0.0  9.3    41.8  13:20   N
25    10.4   14.5  14:16    5.9  23:45   14.7    0.0     0.0  9.4    43.5  10:50   N
26     6.7   13.1  15:14    1.2  07:52   20.2    0.0     0.0  3.7    19.3  07:10   SSW
27     7.0   11.6  15:43    1.0  07:24   21.7    0.0     0.0  8.1    43.5  09:00   WNW
28     8.0   12.9  15:31    2.7  05:31   18.9    0.0     0.0 13.6    57.9  13:40   W
29     7.4    9.8  14:07    4.8  04:32   19.8    0.0     0.0 13.0    54.7  21:00   WSW
30     6.6    9.7  13:50    3.8  07:50   20.9    0.0     5.0 14.1    38.6  12:20   WSW
31     9.7   11.8  13:30    6.7  00:00   16.4    0.0     2.8 21.8    70.8  13:30   SW
---------------------------------------------------------------------------------------
       6.0   15.7     7    -2.4     6   672.7    0.0    16.2  7.1    70.8    23    NNE

Max >=   32.2:  0
Max <=    0.0:  0
Min <=    0.0:  14
Min <=  -17.8:  0
Max Rain    :    5.8 mm ON 01/19/2019
Days of Rain: 4 (> 0.254 mm) 4 (> 2.54 mm) 0 (> 25.4 mm)