NOAA-Style Climate Reports


Report for 2019 Febrero
                   MONTHLY CLIMATOLOGICAL SUMMARY for FEB 2019


NAME: Santa Monica          CITY: Rivas Urbanizaciones  STATE: Madrid - Spain      
ELEV:  651.1 m    LAT: 40.4 N    LONG:  3.5 W


                   TEMPERATURE (C), RAIN (mm), WIND SPEED (kph)

                                         HEAT   COOL         AVG
      MEAN                               DEG    DEG          WIND                  DOM
DAY   TEMP   HIGH  TIME    LOW   TIME    DAYS   DAYS   RAIN  SPEED   HIGH  TIME    DIR
---------------------------------------------------------------------------------------
01     4.8    9.2  02:10    3.8  18:00   21.3    0.0     8.2 14.4    72.4  14:50   SW
02     4.6    7.4  13:48    2.3  22:23   24.2    0.0     0.0 14.3    53.1  02:50   WNW
03     3.9    7.4  14:23    1.3  23:16   25.2    0.0     0.0 13.2    43.5  15:10   N
04     4.0   10.4  16:14   -2.7  06:02   26.0    0.0     0.0  2.2    19.3  00:50   S
05     7.8   14.8  15:40    0.6  06:43   19.2    0.0     0.0  2.0    17.7  09:15   NE
06     8.5   15.1  15:49    2.7  07:13   16.9    0.0     0.0  3.5    24.1  14:20   SSW
07     8.6   14.9  16:04    2.5  07:15   17.3    0.0     0.0  1.4    14.5  13:10   SSE
08     7.7   14.3  15:30    1.3  07:29   18.9    0.0     0.0  3.4    25.7  15:35   SSW
09     6.3   11.8  15:33    2.1  06:19   20.5    0.0     0.0  2.7    19.3  14:40   S
10     7.7   10.9  14:53    4.2  06:36   19.3    0.0     0.0 11.2    43.5  15:30   SSW
11     8.5   13.0  15:35    4.4  07:36   17.3    0.0     0.0  8.4    30.6  14:00   NNE
12     7.0   13.0  14:55    1.0  07:02   20.4    0.0     0.0  7.6    25.7  03:00   N
13     8.6   15.6  15:54    1.6  07:46   17.5    0.0     0.0  2.8    20.9  05:40   NNE
14     8.1   14.9  17:01    1.9  05:58   17.8    0.0     0.0  2.9    16.1  01:10   NE
15     8.3   15.3  16:46    1.3  06:51   18.1    0.0     0.0  1.7    14.5  06:10   NE
16     9.8   17.1  15:44    3.6  07:48   14.4    0.0     0.0  8.7    27.4  06:10   NE
17     8.9   16.2  15:16    1.9  05:51   16.7    0.0     0.0  4.4    33.8  15:10   NNE
18     8.5   14.7  15:24    1.8  07:18   18.2    0.0     0.0  3.9    19.3  07:50   NE
19     9.0   14.8  16:14    3.5  07:39   16.6    0.0     0.0  2.0    14.5  07:50   NE
20     9.0   14.6  15:34    2.6  06:41   17.5    0.0     0.0  2.6    20.9  14:10   ENE
21    10.0   17.4  16:08    3.3  07:49   14.3    0.0     0.0  3.1    20.9  01:10   NNE
22    10.6   18.1  15:40    2.8  06:32   14.2    0.0     0.0  4.5    25.7  05:30   NNE
23    10.0   18.5  15:32    1.4  07:20   15.1    0.0     0.0  2.1    24.1  22:40   NE
24    12.2   19.1  17:09    5.9  06:32   10.5    0.0     0.0  6.3    29.0  05:10   NE
25    12.2   19.0  16:28    4.8  05:44   11.6    0.0     0.0  3.0    25.7  06:20   NE
26    12.8   20.7  15:19    5.3  06:05    9.7    0.0     0.0  4.1    24.1  16:37   E
27     8.0   12.5  00:21    4.6  06:20   17.6    0.0     0.0  3.5    16.1  05:10   NE
28    12.5   18.4  15:34    4.4  07:14   12.4    0.0     0.0  1.8    17.7  23:30   NNE
---------------------------------------------------------------------------------------
       8.5   20.7    26    -2.7     4   488.8    0.0     8.2  5.1    72.4     1    NE

Max >=   32.2:  0
Max <=    0.0:  0
Min <=    0.0:  1
Min <=  -17.8:  0
Max Rain    :    8.2 mm ON 02/01/2019
Days of Rain: 1 (> 0.254 mm) 1 (> 2.54 mm) 0 (> 25.4 mm)