NOAA-Style Climate Reports


Report for 2019 Marzo
                   MONTHLY CLIMATOLOGICAL SUMMARY for MAR 2019


NAME: Santa Monica          CITY: Rivas Urbanizaciones  STATE: Madrid - Spain      
ELEV:  651.1 m    LAT: 40.4 N    LONG:  3.5 W


                   TEMPERATURE (C), RAIN (mm), WIND SPEED (kph)

                                         HEAT   COOL         AVG
      MEAN                               DEG    DEG          WIND                  DOM
DAY   TEMP   HIGH  TIME    LOW   TIME    DAYS   DAYS   RAIN  SPEED   HIGH  TIME    DIR
---------------------------------------------------------------------------------------
01    12.1   18.9  15:45    5.3  06:44   11.2    0.0     0.0  8.2    25.7  04:40   N
02    12.0   19.6  16:22    6.3  06:31    9.8    0.0     0.0  2.6    19.3  13:50   NNE
03    16.0   20.0  15:50   10.6  23:59    5.5    0.0     0.0 11.8    37.0  14:10   SSW
04    11.0   14.8  15:47    7.7  05:03   12.8    0.0     0.0 14.4    51.5  15:50   SSW
05    11.0   14.7  17:00    7.7  06:51   12.9    0.0     0.0  9.3    35.4  12:41   S
06     9.8   12.5  00:44    5.3  23:59   17.0    0.0    11.8 16.7    67.6  17:10   SSW
07     6.9   11.3  16:06    2.0  06:39   21.0    0.0     0.0  8.1    38.6  16:40   SSW
08     9.8   15.0  16:46    4.9  06:56   15.1    0.0     0.0  2.6    19.3  11:10   S
09    11.6   18.1  16:47    4.5  05:40   12.7    0.0     0.0  2.9    22.5  04:40   NNE
10    14.1   22.3  17:04    5.7  06:48    7.8    0.0     0.0  2.5    17.7  22:28   NNE
11    13.6   18.7  15:40    8.8  06:04    8.2    0.0     0.0  7.1    27.4  08:40   NNE
12    13.1   20.9  15:34    5.0  06:47    9.7    0.0     0.0  7.9    40.2  16:00   SW
13    10.6   13.4  15:05    6.4  23:50   15.1    0.0     0.0 11.8    41.8  09:50   N
14     9.6   17.1  17:00    3.3  05:41   14.7    0.0     0.0  4.2    19.3  02:20   SSW
15    13.5   22.5  16:29    3.9  06:40    9.2    0.0     0.0  2.9    19.3  08:38   SSW
16    15.6   23.8  14:57    6.9  06:34    5.3    0.0     0.0  4.3    33.8  17:50   WNW
17    13.3   19.2  16:09    7.6  23:59    8.9    0.0     0.0  8.4    41.8  12:30   S
18     8.8   14.4  15:52    2.8  06:24   17.5    0.0     0.0 12.2    43.5  10:30   NNE
19     9.4   14.9  15:39    5.2  02:01   14.9    0.0     0.0  9.9    38.6  15:40   N
20     8.3   14.1  16:54    2.4  06:28   18.2    0.0     0.0  8.2    32.2  08:50   NNE
21     8.8   14.8  16:37    2.2  06:31   17.7    0.0     0.0  6.0    24.1  02:50   NNW
22    10.8   17.9  16:48    2.6  06:46   14.5    0.0     0.0  4.6    25.7  14:10   NE
23    13.1   19.2  12:49    5.4  06:22   10.8    0.0     0.0  6.3    35.4  13:50   ENE
24    14.0   20.7  15:32    6.9  06:27    8.2    0.0     0.0  6.8    25.7  13:10   NNE
25    13.8   20.5  15:58    7.8  06:46    7.5    0.0     0.0 12.9    38.6  22:40   NNE
26    12.2   21.0  15:33    5.0  06:07    9.6    0.0     0.0 13.6    46.7  00:21   NNE
27    11.1   18.3  17:32    4.2  06:29   12.7    0.0     0.0  4.3    22.5  22:10   NNE
28    11.8   18.2  17:32    4.3  06:42   12.8    0.0     0.0  4.0    22.5  06:30   NE
29    11.4   17.4  15:20    4.9  06:46   12.9    0.0     0.0  6.1    30.6  17:10   E
30    11.6   18.1  16:42    4.2  06:24   13.0    0.0     0.0  4.8    30.6  00:30   E
31     9.8   11.3  00:00    8.2  23:52   15.4    0.0     1.0  2.7    16.1  00:10   NE
---------------------------------------------------------------------------------------
      11.6   23.8    16     2.0     7   382.2    0.0    12.8  7.4    67.6     6    NNE

Max >=   32.2:  0
Max <=    0.0:  0
Min <=    0.0:  0
Min <=  -17.8:  0
Max Rain    :   11.8 mm ON 03/06/2019
Days of Rain: 2 (> 0.254 mm) 1 (> 2.54 mm) 0 (> 25.4 mm)