NOAA-Style Climate Reports


Report for 2019 Mayo
                   MONTHLY CLIMATOLOGICAL SUMMARY for MAY 2019


NAME: Santa Monica          CITY: Rivas Urbanizaciones  STATE: Madrid - Spain      
ELEV:  651.1 m    LAT: 40.4 N    LONG:  3.5 W


                   TEMPERATURE (C), RAIN (mm), WIND SPEED (kph)

                                         HEAT   COOL         AVG
      MEAN                               DEG    DEG          WIND                  DOM
DAY   TEMP   HIGH  TIME    LOW   TIME    DAYS   DAYS   RAIN  SPEED   HIGH  TIME    DIR
---------------------------------------------------------------------------------------
01    18.0   24.7  14:47   10.8  05:30    1.0    0.0     0.0  7.8    33.8  17:00   NNW
02    17.9   23.5  17:28   11.8  05:08    1.2    0.0     0.0  3.9    24.1  19:30   NE
03    14.5   18.9  11:25    9.1  23:58    7.8    0.0     0.0  9.2    41.8  11:30   NNE
04    13.7   21.9  17:17    6.1  05:35    7.8    0.0     0.0  6.0    35.4  14:40   N
05    14.7   21.8  18:07    7.2  05:19    6.9    0.0     0.0  7.3    29.0  00:00   N
06    16.7   24.0  15:33    7.9  05:41    4.3    0.0     0.0  7.9    37.0  17:20   SSW
07    17.1   22.7  15:32   11.0  05:34    2.7    0.0     0.0 13.4    51.5  14:30   SSW
08    15.7   18.3  15:43   13.2  23:50    4.7    0.0     0.0 21.7    59.5  08:50   SW
09    15.7   21.4  14:09    9.8  04:38    4.9    0.0     0.0 14.2    53.1  14:50   SW
10    18.6   23.8  16:19   14.3  03:41    0.0    1.2     0.0 12.3    41.8  16:40   SW
11    19.1   26.3  15:58   12.6  05:18    0.0    1.9     0.0  7.3    37.0  23:50   NNE
12    17.5   26.1  16:29    8.2  05:07    2.2    0.0     0.0 11.2    35.4  00:10   NNE
13    20.3   29.7  16:37   11.7  05:10    0.0    4.2     0.0  8.4    27.4  14:40   NNE
14    20.4   28.8  17:37   10.8  05:11    0.0    2.7     0.0  5.3    22.5  04:10   NNE
15    23.1   31.3  15:16   13.7  04:51    0.0    7.5     0.0  6.8    27.4  16:31   N
16    19.9   28.7  15:02   11.6  22:55    0.0    3.2     0.0 12.3    70.8  21:50   SW
17    13.2   17.1  15:12   10.1  05:39    8.5    0.0     0.0 16.5    56.3  10:20   WNW
18    12.9   17.3  16:41    8.7  06:30    9.5    0.0     0.0  6.9    38.6  17:40   NW
19    14.4   19.2  16:46   10.2  05:34    6.5    0.0     0.0  5.7    30.6  13:30   N
20    15.2   21.3  16:36    7.2  05:07    7.3    0.0     0.0  6.6    27.4  06:40   NNW
21    17.7   23.8  15:42   11.5  05:12    1.2    0.0     0.0  9.0    32.2  02:28   NNE
22    20.0   26.6  17:27   11.4  05:15    0.0    1.2     0.0  5.7    27.4  12:30   NNE
23    21.5   27.5  16:03   14.1  05:12    0.0    4.4     0.0  8.6    43.5  17:10   WSW
24    18.0   22.6  16:21   12.4  23:57    1.5    0.0     0.0 14.4    45.1  12:50   NNE
25    16.6   23.2  15:28   10.0  03:49    3.2    0.0     0.0 11.5    45.1  13:30   NNE
26    17.7   26.0  16:29    9.6  04:57    0.9    0.0     0.0  8.9    30.6  16:40   N
27    20.0   27.2  15:25   12.5  04:59    0.0    2.7     0.0  7.4    32.2  16:40   N
28    17.8   24.6  15:52   11.9  05:16    0.1    0.0     0.0 12.8    48.3  17:40   N
29    17.6   25.8  16:56    9.7  04:04    1.0    0.0     0.0 11.6    32.2  02:30   NNE
30    21.3   29.6  17:01   12.3  04:47    0.0    4.6     0.0  7.7    29.0  00:20   NNE
31    23.4   30.4  16:17   15.1  05:45    0.0    8.0     0.0  4.8    20.9  05:30   NNE
---------------------------------------------------------------------------------------
      17.7   31.3    15     6.1     4    83.3   41.7     0.0  9.5    70.8    16    N

Max >=   32.2:  0
Max <=    0.0:  0
Min <=    0.0:  0
Min <=  -17.8:  0
Max Rain    :    0.0 mm ON --/--/----
Days of Rain: 0 (> 0.254 mm) 0 (> 2.54 mm) 0 (> 25.4 mm)