NOAA-Style Climate Reports


Report for 2019 Junio
                   MONTHLY CLIMATOLOGICAL SUMMARY for JUN 2019


NAME: Santa Monica          CITY: Rivas Urbanizaciones  STATE: Madrid - Spain      
ELEV:  651.1 m    LAT: 40.4 N    LONG:  3.5 W


                   TEMPERATURE (C), RAIN (mm), WIND SPEED (kph)

                                         HEAT   COOL         AVG
      MEAN                               DEG    DEG          WIND                  DOM
DAY   TEMP   HIGH  TIME    LOW   TIME    DAYS   DAYS   RAIN  SPEED   HIGH  TIME    DIR
---------------------------------------------------------------------------------------
01    24.5   32.1  17:29   15.9  05:05    0.0   10.2     0.0  3.0    19.3  14:20   E
02    25.7   32.6  15:02   17.1  05:04    0.0   11.7     0.0  4.7    30.6  16:05   ENE
03    25.9   31.8  15:53   18.6  06:14    0.0   12.3     0.0  8.9    46.7  12:30   SW
04    22.7   27.7  15:05   18.1  05:06    0.0    8.2     0.0 13.8    48.3  12:50   SSW
05    16.7   20.2  17:09   12.5  07:03    3.6    0.0     0.0 14.4    54.7  06:50   W
06    15.3   22.3  14:30   10.4  05:19    3.5    0.0     0.0  7.3    43.5  14:20   S
07    18.3   20.9  18:18   13.8  23:58    1.7    0.0     0.0  7.4    30.6  13:00   NNW
08    19.4   27.8  15:44   10.4  04:51    0.0    1.3     0.0 10.9    43.5  15:00   SSE
09    20.3   25.5  16:29   13.9  04:59    0.0    2.4     0.0  9.7    45.1  12:30   SW
10    19.6   24.7  16:49   13.4  05:24    0.0    1.3     0.0  5.6    40.2  16:20   N
11    16.2   19.7  16:09   12.2  23:50    4.3    0.0     0.0 10.6    43.5  12:30   NNE
12    17.0   23.9  18:04    8.3  05:03    4.0    0.0     0.0  6.1    29.0  12:40   NNW
13    20.5   27.1  16:07   13.4  04:31    0.0    3.4     0.0  7.2    37.0  18:40   SSE
14    19.3   23.3  14:53   14.6  05:17    0.0    1.1     0.0 13.9    51.5  15:50   SSW
15    18.4   24.2  17:42   10.9  04:43    1.4    0.0     0.0  3.9    24.1  00:00   SSW
16    21.8   28.8  16:34   13.1  05:22    0.0    4.7     0.0  6.8    29.0  03:16   N
17    24.3   30.4  16:58   15.9  05:10    0.0    8.6     0.0  4.5    29.0  13:30   SSE
18    24.3   29.1  15:26   19.6  05:39    0.0   10.8     0.0 11.1    53.1  16:20   SSW
19    21.6   25.6  16:04   16.7  05:37    0.0    5.1     0.0 12.2    46.7  14:30   SW
20    22.1   27.5  16:59   15.5  04:36    0.0    5.7     0.0  7.5    41.8  16:30   SSW
21    22.3   28.1  16:13   16.6  05:28    0.0    7.2     0.0  9.3    32.2  02:37   N
22    23.6   30.3  17:19   15.5  04:55    0.0    8.2     0.0  7.7    35.4  13:20   NNW
23    23.5   32.3  15:20   19.2  05:24    0.0   13.3     0.0  3.4    29.0  13:50   SE
24    25.4   30.9  16:20   19.7  05:00    0.0   12.6     0.0  5.5    32.2  19:00   SE
25    30.4   33.9  17:00   18.2  05:20    0.0   13.8     0.0  6.4    29.0  14:30   S
26    28.0   34.4  16:39   21.1  04:50    0.0   16.9     0.0  5.3    32.2  21:10   SSE
27    30.1   38.3  15:37   23.1  04:39    0.0   22.3     0.0 10.1    40.2  19:50   SE
28    31.4   39.6  16:08   23.2  04:59    0.0   23.5     0.0  5.7    32.2  21:50   E
29    31.7   39.1  17:45   23.2  05:55    0.0   23.1     0.0  4.9    32.2  23:40   ESE
30    31.3   37.2  16:50   24.5  05:00    0.0   22.5     0.0  5.1    32.2  13:09   S
---------------------------------------------------------------------------------------
      23.1   39.6    28     8.3    12    18.5  250.3     0.0  7.8    54.7     5    S

Max >=   32.2:  8
Max <=    0.0:  0
Min <=    0.0:  0
Min <=  -17.8:  0
Max Rain    :    0.0 mm ON --/--/----
Days of Rain: 0 (> 0.254 mm) 0 (> 2.54 mm) 0 (> 25.4 mm)