NOAA-Style Climate Reports


Report for 2019 Julio
                   MONTHLY CLIMATOLOGICAL SUMMARY for JUL 2019


NAME: Santa Monica          CITY: Rivas Urbanizaciones  STATE: Madrid - Spain      
ELEV:  651.1 m    LAT: 40.4 N    LONG:  3.5 W


                   TEMPERATURE (C), RAIN (mm), WIND SPEED (kph)

                                         HEAT   COOL         AVG
      MEAN                               DEG    DEG          WIND                  DOM
DAY   TEMP   HIGH  TIME    LOW   TIME    DAYS   DAYS   RAIN  SPEED   HIGH  TIME    DIR
---------------------------------------------------------------------------------------
01    27.8   34.1  14:42   22.3  05:35    0.0   17.8     0.0  7.1    48.3  19:30   SSE
02    27.0   33.4  16:43   20.0  04:50    0.0   15.1     2.6  5.5    56.3  20:20   NNE
03    23.4   33.9  16:50   21.1  02:27    0.0   16.6     0.0  6.2    33.8  14:50   NE
04    29.0   32.9  16:31   21.4  05:30    0.0   15.9     0.0  6.8    30.6  15:00   SE
05    27.0   32.8  16:13   21.3  05:43    0.0   15.7     0.0  6.1    33.8  16:00   SSW
06    26.9   33.2  15:33   20.1  05:30    0.0   14.9     0.0  7.8    35.4  17:40   SSW
07    26.6   33.1  17:29   19.4  05:44    0.0   14.2     0.0  4.1    22.5  16:30   S
08    23.5   28.4  14:58   18.3  05:19    0.0    9.1     0.0  8.8    43.5  20:00   SSW
09    22.2   27.6  14:11   17.4  05:10    0.0    7.6     0.0  5.5    30.6  16:20   N
10    24.2   31.3  17:30   16.0  04:56    0.0    9.6     0.0  6.5    30.6  08:20   N
11    28.9   36.1  16:52   20.0  04:30    0.0   17.4     0.0  4.3    22.5  01:10   SSE
12    31.0   37.5  14:31   22.4  04:56    0.0   20.9     0.0  4.3    20.9  06:10   N
13    29.2   34.1  17:33   24.1  05:31    0.0   19.4     0.0  9.4    46.7  20:30   SW
14    25.9   31.9  17:48   19.7  05:11    0.0   13.5     0.0  7.0    30.6  15:10   N
15    26.7   34.2  16:26   19.0  05:15    0.0   14.9     0.0  8.8    41.8  16:20   NNW
16    28.2   35.3  17:12   19.7  05:34    0.0   16.5     0.2  7.6    24.1  01:20   NNE
17    27.4   31.9  17:30   21.5  05:50    0.0   15.1     0.0  4.1    20.9  11:30   S
18    27.7   34.0  15:46   19.7  05:36    0.0   15.3     0.0  5.7    27.4  22:40   NNE
19    29.0   35.7  15:57   21.3  05:47    0.0   18.4     0.0  7.3    29.0  15:10   SSE
20    30.0   36.4  16:18   22.7  05:36    0.0   20.2     0.0  4.7    29.0  00:20   ESE
21    30.2   37.4  16:46   23.6  05:23    0.0   21.9     0.0  4.7    29.0  23:40   ESE
22    30.1   36.9  15:14   22.8  05:23    0.0   20.7     0.0  6.5    33.8  20:10   E
23    29.4   37.2  15:17   23.1  18:07    0.0   21.2     4.0  6.9    77.2  17:50   ESE
24    30.2   36.1  15:43   23.0  05:58    0.0   20.2     0.0  5.0    32.2  00:00   SSE
25    29.4   35.2  15:19   23.2  05:18    0.0   19.6     0.0  7.4    40.2  17:45   SSW
26    26.1   29.9  16:27   22.2  06:34    0.0   13.9     0.0 11.9    41.8  09:00   SW
27    22.2   26.2  15:52   18.1  05:35    0.0    6.9     0.0 12.5    48.3  11:50   WSW
28    20.2   28.3  16:29   14.6  05:13    0.0    5.6     0.0  5.5    27.4  15:10   NNE
29    28.0   31.6  14:43   22.9  23:59    0.0   16.0     0.0 13.2    43.5  16:18   W
30    22.3   29.9  17:50   17.5  05:39    0.0    9.7     0.0  6.9    45.1  22:50   N
31    28.9   33.1  17:05   16.7  04:50    0.0   11.8     0.0  7.4    37.0  03:10   SE
---------------------------------------------------------------------------------------
      27.1   37.5    12    14.6    28     0.0  475.7     6.8  7.0    77.2    23    S

Max >=   32.2:  21
Max <=    0.0:  0
Min <=    0.0:  0
Min <=  -17.8:  0
Max Rain    :    4.0 mm ON 07/23/2019
Days of Rain: 2 (> 0.254 mm) 2 (> 2.54 mm) 0 (> 25.4 mm)